{"id":843,"date":"2011-07-18T13:05:00","date_gmt":"2011-07-18T11:05:00","guid":{"rendered":"http:\/\/www.gss-dt.de\/wordpress\/?page_id=843"},"modified":"2011-07-18T13:10:21","modified_gmt":"2011-07-18T11:10:21","slug":"jahrgang-10","status":"publish","type":"page","link":"https:\/\/www.old-gss-dt.de\/wordpress\/jahrgang-10\/","title":{"rendered":"Jahrgang 10"},"content":{"rendered":"<p>Im <strong>Jahrgang 10 <\/strong>sind die SuS bei externen Kooperationspartnern als Praktikanten t\u00e4tig. Sie sammeln dabei Erfahrungen im direkten Umgang mit Menschen und sind in folgenden Einrichtungen im Einsatz:<\/p>\n<ul>\n<li>Grundschulen<\/li>\n<li>Kinderg\u00e4rten<\/li>\n<li>Seniorenwohnheimen<\/li>\n<li>Blindeneinrichtung<\/li>\n<\/ul>\n<p>Der\/die verantwortliche Lerhrer\/Lehrerin begleiten das Praktikum, indem sie die Einrichtungen besuchen, mit den betreuenden Personen im Gespr\u00e4ch sind und an R\u00fcckkopplungstagen einen Gedankenaustausch initiieren. Die SuS verfassen abschlie\u00dfend einen T\u00e4tigkeits- und Erfahrungsbericht, der in Form eines ansprechend gestalteten Portfolios vorgelegt werden muss.<\/p>\n<p>Zur\u00fcck zu <a title=\"Langfristige Projekte\" href=\"https:\/\/www.old-gss-dt.de\/wordpress\/?page_id=710\">Langfristige Projekte<\/a><\/p>\n","protected":false},"excerpt":{"rendered":"<p>Im Jahrgang 10 sind die SuS bei externen Kooperationspartnern als Praktikanten t\u00e4tig. Sie sammeln dabei Erfahrungen im direkten Umgang mit Menschen und sind in folgenden Einrichtungen im Einsatz: Grundschulen Kinderg\u00e4rten Seniorenwohnheimen Blindeneinrichtung Der\/die verantwortliche Lerhrer\/Lehrerin begleiten das Praktikum, indem sie &hellip; <a href=\"https:\/\/www.old-gss-dt.de\/wordpress\/jahrgang-10\/\">Continue reading <span class=\"meta-nav\">&rarr;<\/span><\/a><\/p>\n","protected":false},"author":1,"featured_media":0,"parent":0,"menu_order":0,"comment_status":"closed","ping_status":"closed","template":"","meta":[],"_links":{"self":[{"href":"https:\/\/www.old-gss-dt.de\/wordpress\/wp-json\/wp\/v2\/pages\/843"}],"collection":[{"href":"https:\/\/www.old-gss-dt.de\/wordpress\/wp-json\/wp\/v2\/pages"}],"about":[{"href":"https:\/\/www.old-gss-dt.de\/wordpress\/wp-json\/wp\/v2\/types\/page"}],"author":[{"embeddable":true,"href":"https:\/\/www.old-gss-dt.de\/wordpress\/wp-json\/wp\/v2\/users\/1"}],"replies":[{"embeddable":true,"href":"https:\/\/www.old-gss-dt.de\/wordpress\/wp-json\/wp\/v2\/comments?post=843"}],"version-history":[{"count":3,"href":"https:\/\/www.old-gss-dt.de\/wordpress\/wp-json\/wp\/v2\/pages\/843\/revisions"}],"predecessor-version":[{"id":854,"href":"https:\/\/www.old-gss-dt.de\/wordpress\/wp-json\/wp\/v2\/pages\/843\/revisions\/854"}],"wp:attachment":[{"href":"https:\/\/www.old-gss-dt.de\/wordpress\/wp-json\/wp\/v2\/media?parent=843"}],"curies":[{"name":"wp","href":"https:\/\/api.w.org\/{rel}","templated":true}]}}