{"id":795,"date":"2011-07-17T18:52:19","date_gmt":"2011-07-17T16:52:19","guid":{"rendered":"http:\/\/www.gss-dt.de\/wordpress\/?page_id=795"},"modified":"2011-07-17T18:52:19","modified_gmt":"2011-07-17T16:52:19","slug":"anerkennung-wertschatzung","status":"publish","type":"page","link":"https:\/\/www.old-gss-dt.de\/wordpress\/anerkennung-wertschatzung\/","title":{"rendered":"Anerkennung \/ Wertsch\u00e4tzung"},"content":{"rendered":"<p>Der Schulsanit\u00e4tsdienst wird insbesondere von den j\u00fcngeren Sch\u00fclerInnen der Jahrgangsstufen 5 und 6 sehr oft aufgesucht.<\/p>\n<p>Innerhalb des Kollegiums wird der SSD als eine gewisse Entlastung empfunden.<\/p>\n<p>Die Sch\u00fclerInnen des Schulsanit\u00e4tsdienstes bekommen eine Zeugnisbemerkung und erhalten zudem eine Urkunde des Jugendrotkreuzes am Ende eines Schuljahres.<\/p>\n<p>Immer wieder haben ehemalige Schulsanit\u00e4tsdienstmitglieder der Geschwister-Scholl-Gesamtschule Berufe im Gesundheitsbereich erlernt, sie studieren Medizin, wurden Rettungssanit\u00e4ter, Heilerziehungs- oder Krankenpfleger.<\/p>\n<p>Zur\u00fcck zu Langfristige Projekte<\/p>\n","protected":false},"excerpt":{"rendered":"<p>Der Schulsanit\u00e4tsdienst wird insbesondere von den j\u00fcngeren Sch\u00fclerInnen der Jahrgangsstufen 5 und 6 sehr oft aufgesucht. Innerhalb des Kollegiums wird der SSD als eine gewisse Entlastung empfunden. Die Sch\u00fclerInnen des Schulsanit\u00e4tsdienstes bekommen eine Zeugnisbemerkung und erhalten zudem eine Urkunde des &hellip; <a href=\"https:\/\/www.old-gss-dt.de\/wordpress\/anerkennung-wertschatzung\/\">Continue reading <span class=\"meta-nav\">&rarr;<\/span><\/a><\/p>\n","protected":false},"author":1,"featured_media":0,"parent":0,"menu_order":0,"comment_status":"closed","ping_status":"closed","template":"","meta":[],"_links":{"self":[{"href":"https:\/\/www.old-gss-dt.de\/wordpress\/wp-json\/wp\/v2\/pages\/795"}],"collection":[{"href":"https:\/\/www.old-gss-dt.de\/wordpress\/wp-json\/wp\/v2\/pages"}],"about":[{"href":"https:\/\/www.old-gss-dt.de\/wordpress\/wp-json\/wp\/v2\/types\/page"}],"author":[{"embeddable":true,"href":"https:\/\/www.old-gss-dt.de\/wordpress\/wp-json\/wp\/v2\/users\/1"}],"replies":[{"embeddable":true,"href":"https:\/\/www.old-gss-dt.de\/wordpress\/wp-json\/wp\/v2\/comments?post=795"}],"version-history":[{"count":1,"href":"https:\/\/www.old-gss-dt.de\/wordpress\/wp-json\/wp\/v2\/pages\/795\/revisions"}],"predecessor-version":[{"id":796,"href":"https:\/\/www.old-gss-dt.de\/wordpress\/wp-json\/wp\/v2\/pages\/795\/revisions\/796"}],"wp:attachment":[{"href":"https:\/\/www.old-gss-dt.de\/wordpress\/wp-json\/wp\/v2\/media?parent=795"}],"curies":[{"name":"wp","href":"https:\/\/api.w.org\/{rel}","templated":true}]}}