{"id":745,"date":"2011-07-17T18:08:56","date_gmt":"2011-07-17T16:08:56","guid":{"rendered":"http:\/\/www.gss-dt.de\/wordpress\/?page_id=745"},"modified":"2011-07-17T18:28:50","modified_gmt":"2011-07-17T16:28:50","slug":"dauer-der-ausbildung","status":"publish","type":"page","link":"https:\/\/www.old-gss-dt.de\/wordpress\/dauer-der-ausbildung\/","title":{"rendered":"Dauer der Ausbildung"},"content":{"rendered":"<p>Die Ausbildung erfolgt derzeit in Form einer Arbeitsgemeinschaft und umfasst ca. 30 Unterrichtseinheiten \u00e0 90 Minuten. Die Gruppengr\u00f6\u00dfe liegt bei maximal 12 Teilnehmerinnen und Teilnehmern.<\/p>\n<p>Weiter zu <a title=\"Schulrechtliche Regelungen\" href=\"https:\/\/www.old-gss-dt.de\/wordpress\/?page_id=747\">Schulrechtliche Regelungen<\/a><\/p>\n<p>Zur\u00fcck zu\u00a0<a title=\"Sporthelfer\" href=\"https:\/\/www.old-gss-dt.de\/wordpress\/?page_id=735\">Sporthelfer \u00dcbersicht<\/a><\/p>\n","protected":false},"excerpt":{"rendered":"<p>Die Ausbildung erfolgt derzeit in Form einer Arbeitsgemeinschaft und umfasst ca. 30 Unterrichtseinheiten \u00e0 90 Minuten. Die Gruppengr\u00f6\u00dfe liegt bei maximal 12 Teilnehmerinnen und Teilnehmern. Weiter zu Schulrechtliche Regelungen Zur\u00fcck zu\u00a0Sporthelfer \u00dcbersicht<\/p>\n","protected":false},"author":1,"featured_media":0,"parent":0,"menu_order":0,"comment_status":"closed","ping_status":"closed","template":"","meta":[],"_links":{"self":[{"href":"https:\/\/www.old-gss-dt.de\/wordpress\/wp-json\/wp\/v2\/pages\/745"}],"collection":[{"href":"https:\/\/www.old-gss-dt.de\/wordpress\/wp-json\/wp\/v2\/pages"}],"about":[{"href":"https:\/\/www.old-gss-dt.de\/wordpress\/wp-json\/wp\/v2\/types\/page"}],"author":[{"embeddable":true,"href":"https:\/\/www.old-gss-dt.de\/wordpress\/wp-json\/wp\/v2\/users\/1"}],"replies":[{"embeddable":true,"href":"https:\/\/www.old-gss-dt.de\/wordpress\/wp-json\/wp\/v2\/comments?post=745"}],"version-history":[{"count":2,"href":"https:\/\/www.old-gss-dt.de\/wordpress\/wp-json\/wp\/v2\/pages\/745\/revisions"}],"predecessor-version":[{"id":775,"href":"https:\/\/www.old-gss-dt.de\/wordpress\/wp-json\/wp\/v2\/pages\/745\/revisions\/775"}],"wp:attachment":[{"href":"https:\/\/www.old-gss-dt.de\/wordpress\/wp-json\/wp\/v2\/media?parent=745"}],"curies":[{"name":"wp","href":"https:\/\/api.w.org\/{rel}","templated":true}]}}