{"id":737,"date":"2011-07-17T18:04:24","date_gmt":"2011-07-17T16:04:24","guid":{"rendered":"http:\/\/www.gss-dt.de\/wordpress\/?page_id=737"},"modified":"2011-07-17T18:23:44","modified_gmt":"2011-07-17T16:23:44","slug":"leitung","status":"publish","type":"page","link":"https:\/\/www.old-gss-dt.de\/wordpress\/leitung\/","title":{"rendered":"Leitung"},"content":{"rendered":"<p>Lehrkr\u00e4fte, die Sporthelferinnen und Sporthelfer im Rahmen schulischer Ma\u00dfnahmen ausbilden m\u00f6chten, m\u00fcssen im Zuge der Lehreraus-, -fort- oder -weiterbildung die Bef\u00e4higung f\u00fcr das Erteilen von Sportunterricht erworben haben. Sie m\u00fcssen dar\u00fcber hinaus an einer Fortbildungsma\u00dfnahme f\u00fcr die Ausbildung von Sporthelferinnen bzw. Sporthelfern teilgenommen haben, die in der Regel von der entsprechenden Bezirksregierung und der Sportjugend NRW gemeinsam angeboten und durchgef\u00fchrt wird. Mitarbeiter der Sportorganisationen, die Ausbildungsma\u00dfnahmen leiten wollen, m\u00fcssen \u00fcber die Grundqualifikation f\u00fcr Lehrgangsleitungen von LandesSportBund\/Sportjugend NRW verf\u00fcgen.<\/p>\n<p>Die Ausbildung und Betreuung der Sporthelferinnen und Sporthelfer erfolgt derzeit durch Ren\u0117 Hegemann.<\/p>\n<p>Weiter zu <a title=\"T\u00e4tigkeitsfelder\" href=\"https:\/\/www.old-gss-dt.de\/wordpress\/?page_id=739\">T\u00e4tigkeitsfelder<\/a><\/p>\n<p>Zur\u00fcck zu <a title=\"Sporthelfer\" href=\"https:\/\/www.old-gss-dt.de\/wordpress\/?page_id=735\">Sporthelfer \u00dcbersicht<\/a><\/p>\n","protected":false},"excerpt":{"rendered":"<p>Lehrkr\u00e4fte, die Sporthelferinnen und Sporthelfer im Rahmen schulischer Ma\u00dfnahmen ausbilden m\u00f6chten, m\u00fcssen im Zuge der Lehreraus-, -fort- oder -weiterbildung die Bef\u00e4higung f\u00fcr das Erteilen von Sportunterricht erworben haben. Sie m\u00fcssen dar\u00fcber hinaus an einer Fortbildungsma\u00dfnahme f\u00fcr die Ausbildung von Sporthelferinnen &hellip; <a href=\"https:\/\/www.old-gss-dt.de\/wordpress\/leitung\/\">Continue reading <span class=\"meta-nav\">&rarr;<\/span><\/a><\/p>\n","protected":false},"author":1,"featured_media":0,"parent":0,"menu_order":0,"comment_status":"closed","ping_status":"closed","template":"","meta":[],"_links":{"self":[{"href":"https:\/\/www.old-gss-dt.de\/wordpress\/wp-json\/wp\/v2\/pages\/737"}],"collection":[{"href":"https:\/\/www.old-gss-dt.de\/wordpress\/wp-json\/wp\/v2\/pages"}],"about":[{"href":"https:\/\/www.old-gss-dt.de\/wordpress\/wp-json\/wp\/v2\/types\/page"}],"author":[{"embeddable":true,"href":"https:\/\/www.old-gss-dt.de\/wordpress\/wp-json\/wp\/v2\/users\/1"}],"replies":[{"embeddable":true,"href":"https:\/\/www.old-gss-dt.de\/wordpress\/wp-json\/wp\/v2\/comments?post=737"}],"version-history":[{"count":3,"href":"https:\/\/www.old-gss-dt.de\/wordpress\/wp-json\/wp\/v2\/pages\/737\/revisions"}],"predecessor-version":[{"id":768,"href":"https:\/\/www.old-gss-dt.de\/wordpress\/wp-json\/wp\/v2\/pages\/737\/revisions\/768"}],"wp:attachment":[{"href":"https:\/\/www.old-gss-dt.de\/wordpress\/wp-json\/wp\/v2\/media?parent=737"}],"curies":[{"name":"wp","href":"https:\/\/api.w.org\/{rel}","templated":true}]}}