{"id":7284,"date":"2022-11-15T11:49:51","date_gmt":"2022-11-15T10:49:51","guid":{"rendered":"http:\/\/www.gss-dt.de\/wordpress\/?page_id=7284"},"modified":"2022-11-19T13:38:20","modified_gmt":"2022-11-19T12:38:20","slug":"erasmus-3","status":"publish","type":"page","link":"https:\/\/www.old-gss-dt.de\/wordpress\/erasmus-3\/","title":{"rendered":"Individuelle Auslandsaufenthalte"},"content":{"rendered":"\n<p>Neben den Austauschm\u00f6glichkeiten in Gruppen oder Kursen besteht auch die M\u00f6glichkeit eines individuellen Auslandsaufenthalts. Bei einem individuellen Auslandsaufenthalt verbringen die Sch\u00fclerinnen und Sch\u00fcler eine gewisse Zeit im europ\u00e4ischen Ausland, gehen dort zur Schule bzw. arbeiten in einem Betrieb und sammeln auf diesem Wege besonders nachhaltige interkulturelle Erfahrungen. Dabei gibt es drei verschiedene M\u00f6glichkeiten:<\/p>\n\n\n\n<ol><li><strong>Kurzzeitaustausch von einzelnen Sch\u00fclerinnen oder Sch\u00fclern<\/strong><\/li><\/ol>\n\n\n\n<ul type=\"1\"><li>Die Dauer des Austauschs liegt zwischen zehn (Mindestdauer) und 29 Tagen.<\/li><li>Die Unterbringung erfolgt in der Regel in Gastfamilien; je nach Alter des Sch\u00fclers\/der Sch\u00fclerin kann auch eine Unterbringung in einem Hostel o.\u00e4. erfolgen.<\/li><li>Bei dem Austausch treffen sich Sch\u00fclerinnen und Sch\u00fcler aus mindestens zwei Nationen, in der Regel findet der Austausch in der Partnerschule statt.<\/li><\/ul>\n\n\n\n<p>   <strong>2. Sch\u00fclerpraktikum<\/strong><\/p>\n\n\n\n<ul><li>Die Dauer liegt zwischen zehn und 29 Tagen.<\/li><li>Die Unterbringung erfolgt in der Regel in Gastfamilien; je nach Alter des Sch\u00fclers\/der Sch\u00fclerin kann auch eine Unterbringung in einem Hostel o.\u00e4. erfolgen.<\/li><li>Die Sch\u00fclerinnen und Sch\u00fcler suchen sich mit Unterst\u00fctzung ihren Praktikumsplatz selbst.<\/li><\/ul>\n\n\n\n<p><strong>3<\/strong>. <strong>Langzeitaustausch von einzelnen Sch\u00fclerinnen und Sch\u00fclern<\/strong><\/p>\n\n\n\n<ul id=\"block-b77b5f0e-9831-4766-abab-8a6ccab6aa75\"><li>Die Dauer des Austauschs liegt zwischen 30 Tagen und einem Jahr.<\/li><li>Die Lehrkr\u00e4fte der entsendenden Schule und der Gastschule organisieren den Aufenthalt, entwickeln einen Stundenplan f\u00fcr den Austauschsch\u00fcler und finden eine Gastfamilie.<\/li><li>Es gibt Onlineseminare zur Vorbereitung und zus\u00e4tzliche F\u00f6rderungen f\u00fcr Sprachkurse.<\/li><\/ul>\n\n\n\n<p>In allen drei F\u00e4llen ist eine engmaschige Betreuung durch unsere Schule gegeben. <\/p>\n\n\n\n<p>Der Zielort und der Zeitraum k\u00f6nnen dabei selbstst\u00e4ndig gew\u00e4hlt werden. Auch eine (anteilige) Durchf\u00fchrung innerhalb der Ferien ist m\u00f6glich! <\/p>\n\n\n\n<p>Auch die individuellen Auslandsaufenthalte werden von der Europ\u00e4ischen Union kofinanziert, sodass sie in der Regel f\u00fcr die Sch\u00fclerinnen und Sch\u00fcler kostenlos sind. <\/p>\n","protected":false},"excerpt":{"rendered":"<p>Neben den Austauschm\u00f6glichkeiten in Gruppen oder Kursen besteht auch die M\u00f6glichkeit eines individuellen Auslandsaufenthalts. Bei einem individuellen Auslandsaufenthalt verbringen die Sch\u00fclerinnen und Sch\u00fcler eine gewisse Zeit im europ\u00e4ischen Ausland, gehen dort zur Schule bzw. arbeiten in einem Betrieb und sammeln &hellip; <a href=\"https:\/\/www.old-gss-dt.de\/wordpress\/erasmus-3\/\">Continue reading <span class=\"meta-nav\">&rarr;<\/span><\/a><\/p>\n","protected":false},"author":12,"featured_media":0,"parent":0,"menu_order":0,"comment_status":"closed","ping_status":"closed","template":"","meta":[],"_links":{"self":[{"href":"https:\/\/www.old-gss-dt.de\/wordpress\/wp-json\/wp\/v2\/pages\/7284"}],"collection":[{"href":"https:\/\/www.old-gss-dt.de\/wordpress\/wp-json\/wp\/v2\/pages"}],"about":[{"href":"https:\/\/www.old-gss-dt.de\/wordpress\/wp-json\/wp\/v2\/types\/page"}],"author":[{"embeddable":true,"href":"https:\/\/www.old-gss-dt.de\/wordpress\/wp-json\/wp\/v2\/users\/12"}],"replies":[{"embeddable":true,"href":"https:\/\/www.old-gss-dt.de\/wordpress\/wp-json\/wp\/v2\/comments?post=7284"}],"version-history":[{"count":4,"href":"https:\/\/www.old-gss-dt.de\/wordpress\/wp-json\/wp\/v2\/pages\/7284\/revisions"}],"predecessor-version":[{"id":7352,"href":"https:\/\/www.old-gss-dt.de\/wordpress\/wp-json\/wp\/v2\/pages\/7284\/revisions\/7352"}],"wp:attachment":[{"href":"https:\/\/www.old-gss-dt.de\/wordpress\/wp-json\/wp\/v2\/media?parent=7284"}],"curies":[{"name":"wp","href":"https:\/\/api.w.org\/{rel}","templated":true}]}}