{"id":7275,"date":"2022-11-15T11:36:54","date_gmt":"2022-11-15T10:36:54","guid":{"rendered":"http:\/\/www.gss-dt.de\/wordpress\/?page_id=7275"},"modified":"2022-11-16T13:55:42","modified_gmt":"2022-11-16T12:55:42","slug":"erasmus-1","status":"publish","type":"page","link":"https:\/\/www.old-gss-dt.de\/wordpress\/erasmus-1\/","title":{"rendered":"Was ist Erasmus+?"},"content":{"rendered":"\n<figure class=\"wp-block-image size-large is-resized\"><img decoding=\"async\" loading=\"lazy\" src=\"https:\/\/www.old-gss-dt.de\/wordpress\/wp-content\/uploads\/2022\/11\/erasmusplus-logo-all-en-300dpi-500x202.jpg\" alt=\"\" class=\"wp-image-7307\" width=\"540\" height=\"218\" srcset=\"https:\/\/www.old-gss-dt.de\/wordpress\/wp-content\/uploads\/2022\/11\/erasmusplus-logo-all-en-300dpi-500x202.jpg 500w, https:\/\/www.old-gss-dt.de\/wordpress\/wp-content\/uploads\/2022\/11\/erasmusplus-logo-all-en-300dpi-300x121.jpg 300w, https:\/\/www.old-gss-dt.de\/wordpress\/wp-content\/uploads\/2022\/11\/erasmusplus-logo-all-en-300dpi-768x311.jpg 768w, https:\/\/www.old-gss-dt.de\/wordpress\/wp-content\/uploads\/2022\/11\/erasmusplus-logo-all-en-300dpi.jpg 1042w\" sizes=\"(max-width: 540px) 100vw, 540px\" \/><\/figure>\n\n\n\n<p class=\"has-text-align-left\">Erasmus+ ist ein F\u00f6rderprogramm der Europ\u00e4ischen Union f\u00fcr allgemeine und berufliche Bildung, Jugend und Sport zur F\u00f6rderung der europaweiten Zusammenarbeit. Ein Hauptziel des Programms ist es, Schulen bei der Organisation internationaler Austauschprogramme zu unterst\u00fctzen, um m\u00f6glichst vielen Sch\u00fclerinnen und Sch\u00fclern sowie Lehrkr\u00e4ften einen finanziell gef\u00f6rderten Auslandsaufenthalt zu erm\u00f6glichen. Unsere Schule ist seit 2022 f\u00fcr f\u00fcnf Jahre akkreditiert. Dies bedeutet, dass wir bis 2027 Projekte in Zusammenarbeit mit Schulen im Ausland durchf\u00fchren k\u00f6nnen, die dem Erreichen der von uns im Vorfeld festgelegten Ziele zutr\u00e4glich sind.<\/p>\n\n\n\n<p><\/p>\n\n\n\n<p class=\"has-text-align-left\">Die von uns in Anlehnung an unser Schulprogramm ausgew\u00e4hlten Ziele sind:<\/p>\n\n\n\n<p class=\"has-text-align-left\"><strong>Ziel 1<\/strong>: St\u00e4rkung der Partizipation<\/p>\n\n\n\n<p class=\"has-text-align-left\"><strong>Ziel 2<\/strong>: St\u00e4rkung der Inklusion durch die Erweiterung der Binnendifferenzierung<\/p>\n\n\n\n<p class=\"has-text-align-left\"><strong>Ziel 3<\/strong>: F\u00f6rderung der Toleranz und Antidiskriminierung<\/p>\n\n\n\n<p class=\"has-text-align-left\"><strong>Ziel 4<\/strong>: St\u00e4rkung der interkulturellen Kompetenzen durch kulturelle Bildung<\/p>\n\n\n\n<p class=\"has-text-align-left\"><strong>Ziel 5<\/strong>: Erweiterung der Ausbildungserfahrung f\u00fcr angehende Lehrkr\u00e4fte<\/p>\n\n\n\n<p class=\"has-text-align-left\"><strong>Ziel 6<\/strong>: F\u00f6rderung der Sprach- und Kommunikationskompetenzen<\/p>\n\n\n\n<p class=\"has-text-align-left\">Durch Austausche von Sch\u00fclergruppen, Sch\u00fclerpraktika im Ausland, Kurz- oder Langzeitmobilisation einzelner Sch\u00fclerinnen und Sch\u00fcler, aber auch durch die Erm\u00f6glichung von Hospitationen f\u00fcr das p\u00e4dagogische Personal und f\u00fcr Lehrkr\u00e4fte soll allen Beteiligten die M\u00f6glichkeit gegeben werden, neben den angestrebten Zielen der einzelnen Projekte auch generell Auslandserfahrungen zu sammeln, Einblicke in andere Kulturen und Schulsysteme zu erhalten und eigene St\u00e4rken und Schw\u00e4chen zu erkennen.<\/p>\n","protected":false},"excerpt":{"rendered":"<p>Erasmus+ ist ein F\u00f6rderprogramm der Europ\u00e4ischen Union f\u00fcr allgemeine und berufliche Bildung, Jugend und Sport zur F\u00f6rderung der europaweiten Zusammenarbeit. Ein Hauptziel des Programms ist es, Schulen bei der Organisation internationaler Austauschprogramme zu unterst\u00fctzen, um m\u00f6glichst vielen Sch\u00fclerinnen und Sch\u00fclern &hellip; <a href=\"https:\/\/www.old-gss-dt.de\/wordpress\/erasmus-1\/\">Continue reading <span class=\"meta-nav\">&rarr;<\/span><\/a><\/p>\n","protected":false},"author":1,"featured_media":0,"parent":0,"menu_order":0,"comment_status":"closed","ping_status":"closed","template":"","meta":[],"_links":{"self":[{"href":"https:\/\/www.old-gss-dt.de\/wordpress\/wp-json\/wp\/v2\/pages\/7275"}],"collection":[{"href":"https:\/\/www.old-gss-dt.de\/wordpress\/wp-json\/wp\/v2\/pages"}],"about":[{"href":"https:\/\/www.old-gss-dt.de\/wordpress\/wp-json\/wp\/v2\/types\/page"}],"author":[{"embeddable":true,"href":"https:\/\/www.old-gss-dt.de\/wordpress\/wp-json\/wp\/v2\/users\/1"}],"replies":[{"embeddable":true,"href":"https:\/\/www.old-gss-dt.de\/wordpress\/wp-json\/wp\/v2\/comments?post=7275"}],"version-history":[{"count":4,"href":"https:\/\/www.old-gss-dt.de\/wordpress\/wp-json\/wp\/v2\/pages\/7275\/revisions"}],"predecessor-version":[{"id":7308,"href":"https:\/\/www.old-gss-dt.de\/wordpress\/wp-json\/wp\/v2\/pages\/7275\/revisions\/7308"}],"wp:attachment":[{"href":"https:\/\/www.old-gss-dt.de\/wordpress\/wp-json\/wp\/v2\/media?parent=7275"}],"curies":[{"name":"wp","href":"https:\/\/api.w.org\/{rel}","templated":true}]}}