{"id":666,"date":"2011-07-14T17:17:23","date_gmt":"2011-07-14T15:17:23","guid":{"rendered":"http:\/\/www.gss-dt.de\/wordpress\/?page_id=666"},"modified":"2011-07-15T16:31:16","modified_gmt":"2011-07-15T14:31:16","slug":"sprachforderung","status":"publish","type":"page","link":"https:\/\/www.old-gss-dt.de\/wordpress\/sprachforderung\/","title":{"rendered":"Sprachf\u00f6rderung"},"content":{"rendered":"<p>Die Sprachf\u00f6rderung wird als Teil der individuellen F\u00f6rderung bei uns ganz gro\u00df geschrieben. Da sich unsere Sch\u00fclerschaft aus den unterschiedlichsten Menschen zusammensetzt, bringen diese auch ganz unterschiedliche F\u00e4higkeiten in der deutschen Sprache mit. Jedes Kind dort abzuholen, wo es sprachlich steht, diesem Anspruch stellt sich unsere Sprachf\u00f6rderung mit einem sehr breiten Angebot.<\/p>\n<p>In jeder Jahrgangsstufe gibt es speziell auf die Alterstufe abgestimmte Kurse:<\/p>\n<p>In den unteren Klassen nehmen alle Sch\u00fcler\/innen teil, oft stehen f\u00fcr eine Klasse zwei Lehrer\/innen bereit, in den oberen Klassen bieten wir speziell auf die Berufsqualifizierung ausgerichtete Kurse f\u00fcr interessierte Sch\u00fcler\/innen an.<\/p>\n<p>In der 10. Klasse k\u00f6nnen sich die Jugendlichen zus\u00e4tzlich zum normalen Deutschunterricht intensiv auf die Zentrale Abschlusspr\u00fcfung in Deutsch vorbereiten.<\/p>\n<div id=\"attachment_705\" style=\"width: 252px\" class=\"wp-caption aligncenter\"><a href=\"https:\/\/www.old-gss-dt.de\/wordpress\/wp-content\/uploads\/2011\/07\/2011-07_Sprachfoerderung.png\" target=\"_blank\"><img aria-describedby=\"caption-attachment-705\" decoding=\"async\" loading=\"lazy\" class=\"size-medium wp-image-705 \" title=\"2011-07_Sprachfoerderung\" src=\"https:\/\/www.old-gss-dt.de\/wordpress\/wp-content\/uploads\/2011\/07\/2011-07_Sprachfoerderung-242x300.png\" alt=\"\" width=\"242\" height=\"300\" srcset=\"https:\/\/www.old-gss-dt.de\/wordpress\/wp-content\/uploads\/2011\/07\/2011-07_Sprachfoerderung-242x300.png 242w, https:\/\/www.old-gss-dt.de\/wordpress\/wp-content\/uploads\/2011\/07\/2011-07_Sprachfoerderung-403x500.png 403w, https:\/\/www.old-gss-dt.de\/wordpress\/wp-content\/uploads\/2011\/07\/2011-07_Sprachfoerderung.png 680w\" sizes=\"(max-width: 242px) 100vw, 242px\" \/><\/a><p id=\"caption-attachment-705\" class=\"wp-caption-text\">Sprachf\u00f6rderung im \u00dcberblick - Bitte klicken f\u00fcr gr\u00f6\u00dfere Darstellung<\/p><\/div>\n","protected":false},"excerpt":{"rendered":"<p>Die Sprachf\u00f6rderung wird als Teil der individuellen F\u00f6rderung bei uns ganz gro\u00df geschrieben. Da sich unsere Sch\u00fclerschaft aus den unterschiedlichsten Menschen zusammensetzt, bringen diese auch ganz unterschiedliche F\u00e4higkeiten in der deutschen Sprache mit. Jedes Kind dort abzuholen, wo es sprachlich &hellip; <a href=\"https:\/\/www.old-gss-dt.de\/wordpress\/sprachforderung\/\">Continue reading <span class=\"meta-nav\">&rarr;<\/span><\/a><\/p>\n","protected":false},"author":1,"featured_media":0,"parent":0,"menu_order":0,"comment_status":"closed","ping_status":"closed","template":"","meta":[],"_links":{"self":[{"href":"https:\/\/www.old-gss-dt.de\/wordpress\/wp-json\/wp\/v2\/pages\/666"}],"collection":[{"href":"https:\/\/www.old-gss-dt.de\/wordpress\/wp-json\/wp\/v2\/pages"}],"about":[{"href":"https:\/\/www.old-gss-dt.de\/wordpress\/wp-json\/wp\/v2\/types\/page"}],"author":[{"embeddable":true,"href":"https:\/\/www.old-gss-dt.de\/wordpress\/wp-json\/wp\/v2\/users\/1"}],"replies":[{"embeddable":true,"href":"https:\/\/www.old-gss-dt.de\/wordpress\/wp-json\/wp\/v2\/comments?post=666"}],"version-history":[{"count":6,"href":"https:\/\/www.old-gss-dt.de\/wordpress\/wp-json\/wp\/v2\/pages\/666\/revisions"}],"predecessor-version":[{"id":708,"href":"https:\/\/www.old-gss-dt.de\/wordpress\/wp-json\/wp\/v2\/pages\/666\/revisions\/708"}],"wp:attachment":[{"href":"https:\/\/www.old-gss-dt.de\/wordpress\/wp-json\/wp\/v2\/media?parent=666"}],"curies":[{"name":"wp","href":"https:\/\/api.w.org\/{rel}","templated":true}]}}