{"id":6608,"date":"2020-12-10T09:05:25","date_gmt":"2020-12-10T08:05:25","guid":{"rendered":"http:\/\/www.gss-dt.de\/wordpress\/?page_id=6608"},"modified":"2022-01-25T20:53:50","modified_gmt":"2022-01-25T19:53:50","slug":"zeitpunkt-zur-anmeldung","status":"publish","type":"page","link":"https:\/\/www.old-gss-dt.de\/wordpress\/zeitpunkt-zur-anmeldung\/","title":{"rendered":"Zeitpunkt zur Anmeldung"},"content":{"rendered":"<p><strong>Wie und wann kann ich mein Kind anmelden?<\/strong><\/p>\n<p>Immer direkt nach der Ausgabe der Halbjahreszeugnisse!<br \/>\nDie Anmeldung bleibt\u00a0ge\u00f6ffnet f\u00fcr 4 Wochen ab Ausgabe der Zeugnisse.<\/p>\n<p>Nachdem die Sch\u00fclerinnen und Sch\u00fcler der 4. Klassen in den Grundschulen ihre Halbjahreszeugnisse erhalten haben, bitten wir Sie, den <strong>Anmeldeschein der Grundschule mit einer Kopie des Halbjahreszeugnisses<\/strong> <strong>in unseren Briefkasten<\/strong> (rechts neben dem Haupteingang) zu werfen <strong>oder<\/strong> uns <strong>per Post<\/strong> zukommen zu lassen <em>(Sprottauer Str. 9, 32756 Detmold).<\/em><\/p>\n<p>Sie bekommen dann von uns per Post eine <strong>Eingangsbest\u00e4tigung<\/strong> \u00fcber die eingereichten Unterlagen zusammen mit einem<strong> <span style=\"text-decoration: underline;\">Anmeldetermin,<\/span> <\/strong>zu dem Sie dann bitte gemeinsam mit Ihrem Kind in die Schule kommen.<\/p>\n<p>weiter zu <a title=\"Unterschiede zu anderen Schulformen\" href=\"https:\/\/www.old-gss-dt.de\/wordpress\/?page_id=6611\">Unterschiede zu anderen Schulformen<\/a><\/p>\n","protected":false},"excerpt":{"rendered":"<p>Wie und wann kann ich mein Kind anmelden? Immer direkt nach der Ausgabe der Halbjahreszeugnisse! Die Anmeldung bleibt\u00a0ge\u00f6ffnet f\u00fcr 4 Wochen ab Ausgabe der Zeugnisse. Nachdem die Sch\u00fclerinnen und Sch\u00fcler der 4. Klassen in den Grundschulen ihre Halbjahreszeugnisse erhalten haben, &hellip; <a href=\"https:\/\/www.old-gss-dt.de\/wordpress\/zeitpunkt-zur-anmeldung\/\">Continue reading <span class=\"meta-nav\">&rarr;<\/span><\/a><\/p>\n","protected":false},"author":1,"featured_media":0,"parent":0,"menu_order":0,"comment_status":"closed","ping_status":"closed","template":"","meta":[],"_links":{"self":[{"href":"https:\/\/www.old-gss-dt.de\/wordpress\/wp-json\/wp\/v2\/pages\/6608"}],"collection":[{"href":"https:\/\/www.old-gss-dt.de\/wordpress\/wp-json\/wp\/v2\/pages"}],"about":[{"href":"https:\/\/www.old-gss-dt.de\/wordpress\/wp-json\/wp\/v2\/types\/page"}],"author":[{"embeddable":true,"href":"https:\/\/www.old-gss-dt.de\/wordpress\/wp-json\/wp\/v2\/users\/1"}],"replies":[{"embeddable":true,"href":"https:\/\/www.old-gss-dt.de\/wordpress\/wp-json\/wp\/v2\/comments?post=6608"}],"version-history":[{"count":5,"href":"https:\/\/www.old-gss-dt.de\/wordpress\/wp-json\/wp\/v2\/pages\/6608\/revisions"}],"predecessor-version":[{"id":7074,"href":"https:\/\/www.old-gss-dt.de\/wordpress\/wp-json\/wp\/v2\/pages\/6608\/revisions\/7074"}],"wp:attachment":[{"href":"https:\/\/www.old-gss-dt.de\/wordpress\/wp-json\/wp\/v2\/media?parent=6608"}],"curies":[{"name":"wp","href":"https:\/\/api.w.org\/{rel}","templated":true}]}}