{"id":656,"date":"2011-07-14T17:00:02","date_gmt":"2011-07-14T15:00:02","guid":{"rendered":"http:\/\/www.gss-dt.de\/wordpress\/?page_id=656"},"modified":"2011-07-14T17:04:20","modified_gmt":"2011-07-14T15:04:20","slug":"gesunde-schule","status":"publish","type":"page","link":"https:\/\/www.old-gss-dt.de\/wordpress\/gesunde-schule\/","title":{"rendered":"Gesunde Schule"},"content":{"rendered":"<h2>Gesundheitswissen erwerben, gesundheitsgerecht handeln<\/h2>\n<p>Bewegung, Spiel und Sport \u2013 Bewegte Schule<\/p>\n<p>Durch Bewegung, Spiel und Sport wird die k\u00f6rperliche Fitness von Kindern und Jugendlichen gef\u00f6rdert. Das dabei vermittelte Wissen erweitert neben dem Beitrag zur physischen Gesundheit zudem das allgemeine Gesundheitsverst\u00e4ndnis. Durch Bewegung, Spiel und Sport ergeben sich dar\u00fcber hinaus Situationen, in denen bedeutende pers\u00f6nliche und soziale Kompetenzen sowie Einstellungen erworben werden, die das kognitive Lernen unterst\u00fctzen k\u00f6nnen. Zu nennen sind hier z.B. die Konzentrationsf\u00e4higkeit, Disziplin, Teamf\u00e4higkeit, Einhaltung von Regeln und damit auch die Fairness, Einsatzbereitschaft, Konflikt- sowie die Kommunikationsf\u00e4higkeit, die Selbst- und die K\u00f6rperbeherrschung. Aus diesen Gr\u00fcnden hat der Bereich Bewegung, Spiel und Sport einen wichtigen Anteil am Schulleben der Geschwister-Scholl-Schule Detmold. Sie versteht sich daher auch als Bewegte Schule.<\/p>\n<p>Der Bereich Bewegung, Spiel und Sport in der GSS findet sich im Sportunterricht, in Bewegung und Entspannung im Klassenraum sowie in dem au\u00dferunterrichtlichen Bewegungs-, Spiel- und Sportangeboten wieder.<\/p>\n<h2>Sportunterricht<\/h2>\n<p>Die verpflichtenden Inhalte des Sportunterrichts in der Sekundarstufe I sind im schulinternen Lehrplan der GSS beschrieben. Dabei folgt der Pflichtunterricht dem Prinzip der Vielfalt und des erziehenden Sportunterrichts im Verst\u00e4ndnis der aktuellen Richtlinien Sport von 2000. Die Angebote sind in der Sekundarstufe I m\u00f6glichst jahrgangsorientiert. Der Pflichtunterricht wird durch Vorhaben, die sich an den Interessen und F\u00e4higkeiten der Sch\u00fclerinnen und Sch\u00fcler orientieren, erg\u00e4nzt. In den Jahrg\u00e4ngen 8 bis 10 ist Sport als Erg\u00e4nzungsfach neben dem Pflichtfach Sport zus\u00e4tzlich w\u00e4hlbar.<\/p>\n<p>In der Sekundarstufe II wird neben dem verpflichtenden Grundkurs auch ein Leistungskurs Sport angeboten. Die GSS ist derzeit im Kreis Lippe die einzige Gesamtschule mit diesem Angebot.<\/p>\n<p>Der Sportunterricht in der GSS erfolgt in einer Dreifachsporthalle oder bei geeignetem Wetter drau\u00dfen im Sportstadion. Hier gibt es mehrere Fu\u00dfball- bzw. Sportpl\u00e4tze, eine Laufbahn und umfangreiche M\u00f6glichkeiten Leichtathletik zu betreiben. Auf dem Au\u00dfengel\u00e4nde der GSS befindet sich neben Tennis- und Volleyballfeldern auch eine Skaterbahn. F\u00fcr den Sportunterricht stehen vielf\u00e4ltige Materialien, auch f\u00fcr Trendsportarten, wie z.B. Intercrossschl\u00e4ger oder Waveboards, zur Verf\u00fcgung. Der Schwimmunterricht f\u00fcr die Jahrg\u00e4nge 5 und 6 findet im Aqualip statt.<\/p>\n<h2>Bewegung und Entspannung im Klassenraum<\/h2>\n<p>Die Konzentrationsf\u00e4higkeit, das kognitive Leistungsverm\u00f6gen sowie das Interesse am Unterricht allgemein lassen sich vor allem bei den j\u00fcngeren Sch\u00fclerinnen und Sch\u00fclern nicht durchg\u00e4ngig aufrechterhalten. Wenn Kinder unaufmerksam werden, Lustlosigkeit zeigen oder ihr Verhalten durch motorische Unruhe gekennzeichnet ist, ben\u00f6tigen sie andere Aktionsformen. Daher sind besonders f\u00fcr die Sch\u00fclerinnen und Sch\u00fcler der Jahrg\u00e4nge 5 und 6 in den verschiedenen Unterrichtsstunden im Klassenraum Phasen mit Bewegung und Entspannung vorgesehen. Ab dem Schuljahr 2010\/11 stellt die GSS auf Unterrichtsstunden im 90-Minuten-Takt um. Deshalb wird dieser Bereich in Zukunft in allen Jahrg\u00e4ngen der Sekundarstufe I noch mehr Ber\u00fccksichtigung finden.<\/p>\n<h2>Au\u00dferunterrichtliche Bewegungs-, Spiel- und Sportangebote<\/h2>\n<p>Im Sinne einer Bewegten Schule und der Rhythmisierung des Ganztages bietet die GSS auch vielf\u00e4ltige au\u00dferunterrichtliche Bewegungs-, Spiel- und Sportangebote an.<\/p>\n<h2>Mittagspausenangebote und Pausensport<\/h2>\n<p>An der GSS gibt es gibt es w\u00e4hrend der Mittagspausen verschiedenen Angebote mit Bewegung, Spiel und Sport.<\/p>\n<p>Im Treffpunkt gibt es am Montag von 12.30 bis 13.15 Uhr sowie am Mittwoch und Donnerstag von 13.15 bis 14.00 Uhr f\u00fcr Kinder aus den Klassen 5 und 6 ein Spieleangebot.<\/p>\n<p>Am Montag von 12.10 bis 12.55 Uhr und am Donnerstag von 13.15 bis 14.00 Uhr k\u00f6nnen interessierte Sch\u00fclerinnen und Sch\u00fcler in der Schuldisco tanzen oder auch Tischfu\u00dfball spielen.<\/p>\n<p>Am Mittwoch und am Donnerstag besteht die M\u00f6glichkeit von 13.15 bis 14.00 Uhr Tischtennis oder Billiard zu spielen.<\/p>\n<p>Die Spieleausgabe wird in der Zeit von 12.10 bis 13.15 Uhr von Sch\u00fclerinnen und Sch\u00fclern eigenverantwortlich angeboten und verwaltet. Gegen ein Pfand erhalten hier interessierte Kinder verschiedene Sportspielger\u00e4te und Materialien f\u00fcr Ballspiele, um diese dann auf den vorhandenen Spiel-, Sport- und Rasenfl\u00e4chen unserer Schule zu nutzen. Dieses Mittagspausenangebot umfasst Materialien f\u00fcr Fu\u00dfball, Basketball, Volleyball, Tischtennis und Badminton sowie Sportspielger\u00e4te, wie z.B. Pedalos und Hula-Hoop-Reifen.<\/p>\n<p>Nat\u00fcrlich haben die Sch\u00fclerinnen und Sch\u00fcler in allen Pausen grunds\u00e4tzlich die M\u00f6glichkeit die verschiedenen Spielger\u00e4ten, Sportfl\u00e4chen (z.B. Basketball- und Fu\u00dfballfelder, Tischtennisplatten, Kletterger\u00fcste und Boulderwand) oder die park\u00e4hnliche Umgebung mit zahlreichen Bewegungsm\u00f6glichkeiten zu nutzen.<\/p>\n<h2>Arbeitsgemeinschaften (AG)<\/h2>\n<p>An der GSS gibt es verschiedene Arbeitsgemeinschaften mit sportlichem Schwerpunkt. Hierzu z\u00e4hlt z.B. die Zirkus-AG \u201eRamba Zamba\u201c, die es bereits seit vielen Jahren gibt. An dieser AG nehmen vor allem Kinder aus den Jahrg\u00e4ngen 5 bis 7, gelegentlich aber auch interessierte \u00e4ltere Sch\u00fclerinnen und Sch\u00fcler teil. Hier k\u00f6nnen besonders in der Akrobatik, Jonglage sowie Zauberei verschiedene Kunstst\u00fccke und Zaubertricks erprobt, gelernt und nat\u00fcrlich vor Publikum aufgef\u00fchrt werden. Hierzu z\u00e4hlen u.a. Kunstst\u00fccke aus den Bereichen Einradfahren, Jonglieren, Menschenpyramiden, Hochseil, Fakir und viele mehr.<\/p>\n<p>Die Mountainbike-AG gibt es bereits seit 1999 an der GSS. Sie ist ein Angebot f\u00fcr alle Altersgruppen. Es nehmen aber \u00fcberwiegend Sch\u00fclerinnen und Sch\u00fcler aus den Jahrgangsstufen 5 bis 8 daran teil. Mountainbiken schult besonders die K\u00f6rperkoordination und Fahrsicherheit (z.B. das richtige Reagieren in Gefahrensituationen) auf dem Fahrrad. Dar\u00fcber hinaus wird in dieser AG gelernt, wie Fahrr\u00e4der gewartet und repariert werden. Durch Touren im Gel\u00e4nde und zu interessanten Zielen (z.B. Meschesee, Heidenbachtal und Bielstein) wird die Natur au\u00dferdem als erlebnisreicher und sch\u00fctzenwerter Lebensraum erfahren. Regelm\u00e4\u00dfig nehmen Sch\u00fclerinnen und Sch\u00fcler dieser AG an Mountainbike-Rennen in der Region OWL, wie z.B. dem \u201eKamicup\u201c in Barntrup, teil.<\/p>\n<p>Des Weiteren wird eine Volleyball-AG, eine Tischtennis-AG, eine Fu\u00dfball-AG f\u00fcr M\u00e4dchen und eine f\u00fcr Jungen angeboten. Die AGs finden derzeit entweder dienstags oder donnerstags in der 7. und 8. Stunde statt.<\/p>\n<h2>Teilnahme an Sportwettk\u00e4mpfen<\/h2>\n<p>Verschiedene Gruppen von Sch\u00fclerinnen und Sch\u00fclern aus Klassen, AGs oder Jahrgangsstufen nehmen regelm\u00e4\u00dfig an verschiedenen Sportwettk\u00e4mpfen, z.B. Fu\u00dfballturnieren teil.<\/p>\n<h2>Klassenfahrten, Wandertage und Exkursionen mit sportlichem Schwerpunkt<\/h2>\n<p>Klassenfahrten, Wandertage und Exkursionen an der GSS haben h\u00e4ufig auch einen sportlichen Anteil. Hier werden im Sinne der Erlebnisp\u00e4dagogik u.a. Rad- oder Kanutouren, Wandern, Segeln, Wasserski und Wakeboarden oder auch Kletterkurse angeboten.<\/p>\n<p>Die j\u00e4hrlich stattfindende Wintersportexkursion ist fest im schulinternen Lehrplan f\u00fcr die gymnnasiale Oberstufe verankert und eine Pflichtveranstaltung des Leistungskurses Sport der Jahrgangsstufe 12. Freie Pl\u00e4tze werden aber auch an interessierte Sch\u00fclerinnnen und Sch\u00fcler der Klassen 10 (bevorzugt Erg\u00e4nzungssfach Sport) sowie der Jahrg\u00e4nge 11 und 12 vergeben. W\u00e4hrend dieser Exkursion k\u00f6nnen Anf\u00e4nger das Skifahren oder das Snowboarden erlernen. Fortgeschrittene haben hier gezielt die M\u00f6glichkeit, ihr K\u00f6nnen zu verbessern. Der Unterricht wird von den begleitenden Lehrern in entsprechenden Kursen durchgef\u00fchrt. Neben dem Erlernen elementarer Fahrtechniken stehen hier nat\u00fcrlich auch Ma\u00dfnahmen der Unfallverh\u00fctung und Sicherheitsf\u00f6rderung im Mittelpunkt.<\/p>\n<h2>Turniere, Spiele- und Sporttage<span class=\"Apple-style-span\" style=\"color: #444444; line-height: 24px; font-size: 16px;\">\u00a0<\/span><\/h2>\n<p>Einmal pro Schuljahr, zum Ende des ersten Schulhalbjahres, wird f\u00fcr jeden Jahrgang in der Sekundarstufe I ein Sportspielturnier durchgef\u00fchrt. Alle Klassen erhalten Urkunden, der 1. Sieger bekommt einen Wanderpokal. Folgende Turniere werden durchgef\u00fchrt:<\/p>\n<p>Jahrgangsstufe 5: Brennball Jahrgangsstufe 6: Fu\u00dfball<\/p>\n<p>Jahrgangsstufe 7: Tchoukball Jahrgangsstufe 8: Basketball<\/p>\n<p>Jahrgangsstufe 9: Volleyball Jahrgangsstufe 10: Volleyball<\/p>\n<p>Am letzten Tag vor den Osterferien findet jedes Jahr f\u00fcr die Jahrgangsstufen 5 und 6 ein Spieletag statt. Dann verwandelt sich unsere Sporthalle in einen gro\u00dfen Abenteuerspielplatz mit einem Angebot von 26 verschiedenen Stationen. Die Sch\u00fclerinnen und Sch\u00fcler k\u00f6nnen hier ihren Mut, ihre Geschicklichkeit, ihre Ausdauer und ihre Kraft erproben. Dabei ist es ihnen \u00fcberlassen die Reihenfolge der Stationen zu bestimmen und wie viele Stationen absolviert werden. F\u00fcr jedes Kind gibt es einen Laufzettel, auf dem die Ergebnisse eingetragen werden. Am Ende der Veranstaltung erh\u00e4lt jede Sch\u00fclerin und jeder Sch\u00fcler eine Urkunde mit dem individuellen Gesamtergebnis.<\/p>\n<p>Allj\u00e4hrlich findet vor den Sommerferien f\u00fcr alle Jahrg\u00e4nge der Sekundarstufe I ein Leichtathletiksporttag statt. Angeboten werden hier neben verschiedenen traditionellen Disziplinen (z.B. 100 m oder 400 m Sprint) auch alternative Gruppenwettk\u00e4mpfe, wie z.B. H\u00fcrdenpendelstaffel, Medizinballzonensto\u00dfen und Gruppenweitsprung.<\/p>\n<p>Regelm\u00e4\u00dfig wird auch ein Oberstufenturnier mit unterschiedlichen Sportarten, wie z.B. Volleyball oder Fu\u00dfball, angeboten. An diesem d\u00fcrfen auch Lehrerinnen und Lehrer teilnehmen. Das Turnier wird von den Oberstufensch\u00fclerinnen und -sch\u00fclern eigenverantwortlich organisiert und durchgef\u00fchrt.<\/p>\n<h2>Projekte mit sportlichem Schwerpunkt<\/h2>\n<p>In den Projekttagen, die jedes Jahr vor den Sommerferien stattfinden, gibt es oft sportbezogene Angebote. Regelm\u00e4\u00dfig durchgef\u00fchrt werden z.B. die Projekte Kanuwandern und Bogenschie\u00dfen.<\/p>\n<p>Auch au\u00dferhalb dieser Zeiten werden Projekte mit sportlichem Inhalt angeboten, wie z.B. das Tanzprojekt \u201eResiDance\u201c. Im Sinne der \u00d6ffnung von Schule erfolgen solche Projekte oft in Zusammenarbeit mit externen Institutionen bzw. Personen.<\/p>\n<p>Die Fachschaft Sport arbeitet, auch mit Blick auf die oben genannten Unterrichtsstunden im 90-Minuten-Takt, an einer Ausweitung des Einsatzes von Bewegung und Entspannung im Klassenraum und au\u00dferunterichtlichen Bewegungs-, Spiel und Sportangeboten, um den Rhythmus von passivem Sitzen und Bewegung bzw. Entspannung und Erholung im Ganztag weiter zu st\u00fctzen. Zudem soll f\u00fcr Sch\u00fclerinnen und Sch\u00fcler ab dem Schuljahr 2010\/11 die M\u00f6glichkeit bestehen sich in der GSS zu Sporthelferinnen und -helfern von daf\u00fcr qualifizierten Sportlehrerinnen und -lehrern ausbilden zu lassen. Sporthelferinnen und Sporthelfer sind speziell ausgebildete Sch\u00fclerinnen und Sch\u00fcler, die Bewegungs-, Spiel- und Sportangebote im au\u00dferunterrichtlichen Sport und damit auch im Ganztag gestalten und unterst\u00fctzen k\u00f6nnen. Durch ihren Einsatz soll das Bewegungs-, Spiel- und Sportangebot an der GSS in Zukunft noch erweitert werden.<\/p>\n<p>R. Hegemann (Fachkonferenz Sport)<\/p>\n<p>Zur\u00fcck zu\u00a0<a title=\"Ganzheit\" href=\"https:\/\/www.old-gss-dt.de\/wordpress\/?page_id=321\">Ganzheit<\/a><\/p>\n","protected":false},"excerpt":{"rendered":"<p>Gesundheitswissen erwerben, gesundheitsgerecht handeln Bewegung, Spiel und Sport \u2013 Bewegte Schule Durch Bewegung, Spiel und Sport wird die k\u00f6rperliche Fitness von Kindern und Jugendlichen gef\u00f6rdert. Das dabei vermittelte Wissen erweitert neben dem Beitrag zur physischen Gesundheit zudem das allgemeine Gesundheitsverst\u00e4ndnis. &hellip; <a href=\"https:\/\/www.old-gss-dt.de\/wordpress\/gesunde-schule\/\">Continue reading <span class=\"meta-nav\">&rarr;<\/span><\/a><\/p>\n","protected":false},"author":1,"featured_media":0,"parent":0,"menu_order":0,"comment_status":"closed","ping_status":"closed","template":"","meta":[],"_links":{"self":[{"href":"https:\/\/www.old-gss-dt.de\/wordpress\/wp-json\/wp\/v2\/pages\/656"}],"collection":[{"href":"https:\/\/www.old-gss-dt.de\/wordpress\/wp-json\/wp\/v2\/pages"}],"about":[{"href":"https:\/\/www.old-gss-dt.de\/wordpress\/wp-json\/wp\/v2\/types\/page"}],"author":[{"embeddable":true,"href":"https:\/\/www.old-gss-dt.de\/wordpress\/wp-json\/wp\/v2\/users\/1"}],"replies":[{"embeddable":true,"href":"https:\/\/www.old-gss-dt.de\/wordpress\/wp-json\/wp\/v2\/comments?post=656"}],"version-history":[{"count":3,"href":"https:\/\/www.old-gss-dt.de\/wordpress\/wp-json\/wp\/v2\/pages\/656\/revisions"}],"predecessor-version":[{"id":659,"href":"https:\/\/www.old-gss-dt.de\/wordpress\/wp-json\/wp\/v2\/pages\/656\/revisions\/659"}],"wp:attachment":[{"href":"https:\/\/www.old-gss-dt.de\/wordpress\/wp-json\/wp\/v2\/media?parent=656"}],"curies":[{"name":"wp","href":"https:\/\/api.w.org\/{rel}","templated":true}]}}