{"id":4214,"date":"2016-08-30T13:48:20","date_gmt":"2016-08-30T11:48:20","guid":{"rendered":"http:\/\/www.gss-dt.de\/wordpress\/?page_id=4214"},"modified":"2022-09-29T10:03:32","modified_gmt":"2022-09-29T08:03:32","slug":"1-gemeinsames-lernen","status":"publish","type":"page","link":"https:\/\/www.old-gss-dt.de\/wordpress\/1-gemeinsames-lernen\/","title":{"rendered":"1. Grundlagen"},"content":{"rendered":"<p class=\"western\"><span style=\"font-size: medium;\">Das Gemeinsame Lernen basiert auf der Grundlage, dass eine Vielfalt von Lernvoraussetzungen und Lerninteressen im schulischen Alltag gewollt und normal ist. Damit leben die Sch\u00fcler in einer Atmosph\u00e4re des Pluralismus und lernen Toleranz gegen\u00fcber ihrer Verschiedenheit. Die Jugendlichen mit sonderp\u00e4dagogischem Unterst\u00fctzungsbedarf sind selbstverst\u00e4ndlicher Teil der Klassengemeinschaft. In der Konfrontation mit ihrer Verschiedenheit lernen die Sch\u00fcler ihre pers\u00f6nlichen St\u00e4rken und Grenzen kennen. <\/span><\/p>\n<p class=\"western\"><span style=\"font-size: medium;\">Das Gemeinsame Lernen verst\u00e4rkt den Respekt gegen\u00fcber der Unterschiedlichkeit aller Lernenden. Damit wird ein entscheidender Beitrag zur weiteren Entwicklung eines positiven Schulklimas und zur Akzeptanz von Heterogenit\u00e4t geleistet.<\/span><\/p>\n<p class=\"western\"><span style=\"font-size: medium;\">Den Gemeinsamen Unterricht von Sch\u00fclerinnen und Sch\u00fclern (im Folgenden wird die Formulierung \u201eSch\u00fcler\u201c gew\u00e4hlt, die die weibliche Form einschlie\u00dft) mit und ohne sonderp\u00e4dagogischen Unterst\u00fctzungsbedarf verstehen wir als Erziehung und Unterricht in heterogenen Lerngruppen. Deren Vielschichtigkeit ist zum einen durch Jugendliche mit Beeintr\u00e4chtigungen, ebenso aber auch durch Zugeh\u00f6rigkeit der Sch\u00fcler zu anderen Nationen, Kulturen, Sprachen oder Religionsgemeinschaften bedingt.<\/span><\/p>\n<p class=\"western\"><span style=\"font-size: medium;\">Im Gemeinsamen Unterricht von Sch\u00fclern mit und ohne sonderp\u00e4dagogischen Unterst\u00fctzungsbedarf spiegelt sich die Heterogenit\u00e4t auch in der gleichberechtigten Kooperation zwischen sonderp\u00e4dagogischen Lehrkr\u00e4ften und Lehrkr\u00e4ften der Allgemeinen Schule wieder.<\/span><\/p>\n<p class=\"western\"><span style=\"font-size: medium;\">Durch das Zusammenwirken der unterschiedlichen Zugangsweisen und Erfahrungen entwickelt sich eine F\u00f6rderstruktur, in der das methodisch-didaktische Handeln auf die <\/span><span style=\"font-size: medium;\"><b>F\u00f6rderung aller Sch\u00fcler<\/b><\/span><span style=\"font-size: medium;\"> ausgerichtet ist. Die Sonderp\u00e4dagogik bringt in den Feldern Diagnostik, individuelle F\u00f6rderung und Beratung wichtige Impulse in die Schule ein.<\/span><\/p>\n<p class=\"western\"><span style=\"font-size: medium;\">Das gemeinsame Lernen erfordert ein <\/span><span style=\"font-size: medium;\"><b>hohes Engagement von Elternhaus und Schule<\/b><\/span><span style=\"font-size: medium;\">. Die Leitideen bilden konzeptionelle Grundlagen gerade der Gesamtschule. Je mehr sich alle Beteiligten den Leitideen des Gemeinsamen Lernens verpflichtet f\u00fchlen, umso intensiver werden die Kinder und Jugendlichen die Schule als ein Haus des Lebens und Lernens erfahren, das Grundlagen schafft f\u00fcr erfolgreiche Lernbiografien und ein soziales Miteinander in einer demokratischen Gesellschaft.<\/span><\/p>\n<p class=\"western\"><span style=\"font-size: medium;\">An der Geschwister-Scholl-Gesamtschule werden Sch\u00fcler mit unterschiedlichen sonderp\u00e4dagogischen Unterst\u00fctzungsbedarfen unterrichtet. Die <\/span><span style=\"font-size: medium;\"><b>Schule ist barrierefrei<\/b><\/span><span style=\"font-size: medium;\">, neben Sch\u00fclern mit den F\u00f6rderschwerpunkten Lernen, emotionale und soziale Entwicklung, Sprache und Geistiger Entwicklung k\u00f6nnen auch Sch\u00fcler mit dem F\u00f6rderbedarf k\u00f6rperliche und motorische Entwicklung unterrichtet werden.<\/span><\/p>\n<p class=\"western\"><span style=\"font-size: medium;\">Die Sonderp\u00e4dagogik begreift sich in ihrem Selbstverst\u00e4ndnis nicht als eigenst\u00e4ndige Wissenschaft, sondern geht auf in einer \u201eAllgemeinen P\u00e4dagogik\u201c. In diesem Sinne betrachten wir die <\/span><span style=\"font-size: medium;\"><b>sonderp\u00e4dagogische F\u00f6rderung<\/b><\/span><span style=\"font-size: medium;\"> an unserer Schule als inklusiven Ansatz des Gemeinsamen Lernens. Wir stehen hinter der Idee einer Schule, die Sch\u00fcler mit einem sonderp\u00e4dagogischen Unterst\u00fctzungsbedarf als eine positive Erweiterung der schulischen Vielfalt versteht und ihr Unterrichts- und Schulleben auf die individuellen F\u00f6rderbedarfe aller ihrer Sch\u00fcler ausrichtet.<\/span><\/p>\n<p class=\"western\"><span style=\"font-size: medium;\">Grunds\u00e4tzliches <\/span><span style=\"font-size: medium;\"><b>Ziel des Gemeinsamen Lernens<\/b><\/span><span style=\"font-size: medium;\"> in allen F\u00e4chern ist es, m\u00f6glichst oft themengleiche Unterrichtsinhalte anzubieten, die dann auf unterschiedlichen Lernniveaus bearbeitet werden. Dabei spielt das Prinzip der Binnendifferenzierung die entscheidende Rolle. Voraussetzungen daf\u00fcr sind kompetenzorientierte Lehrpl\u00e4ne, eine funktionierende Teamarbeit und enge Absprachen zwischen den Lehrkr\u00e4ften der allgemeinen Schule und den sonderp\u00e4dagogischen Lehrkr\u00e4ften. Im weiteren Verlauf der Sekundarstufe I dienen auch Formen der \u00e4u\u00dferen Differenzierung dazu, den unterschiedlichen Erfahrungsebenen der Jugendlichen gerecht zu werden. <\/span><\/p>\n<p class=\"western\"><span style=\"font-size: medium;\">Weiterhin werden jahrgangs\u00fcbergreifende Unterrichtskonzepte angeboten, die besonders auf Bed\u00fcrfnisse der Jugendlichen mit sonderp\u00e4dagogischem Unterst\u00fctzungsbedarf abgestimmt sind. Hier sind u.a. zu nennen:<\/span><\/p>\n<ul>\n<li><span style=\"font-size: medium;\">Ein \u201eLebenspraktisches Training\u201c (LPT) ab Klasse 6 in niveaudifferenzierten und jahrgangsgemischten Gruppen innerhalb und au\u00dferhalb der schulischen Erlebniswelt.<\/span><\/li>\n<li><span style=\"font-size: medium;\">Ein \u201eBerufspraktisches Training\u201c (BPT) im 9.\/10. Schuljahr mit zus\u00e4tzlichen betrieblichen Praktika im 1. Halbjahr der 10. Klasse.<\/span><\/li>\n<li><span style=\"font-size: medium;\">Eine Druck-AG (als Projekt mit der Nachahmung betrieblicher Strukturen) in Klasse 8 und 9 im Rahmen des Erg\u00e4nzungsunterrichts.<\/span><\/li>\n<\/ul>\n<p class=\"western\"><span style=\"font-size: medium;\">Die Sch\u00fcler k\u00f6nnen alle <\/span><span style=\"font-size: medium;\"><b>Abschl\u00fcsse<\/b><\/span><span style=\"font-size: medium;\"> der Sekundarstufe I erlangen. Sch\u00fcler mit den F\u00f6rderschwerpunkten Lernen und Geistige Entwicklung erhalten die Schulabschl\u00fcsse ihrer Bildungsg\u00e4nge. Im F\u00f6rderschwerpunkt Lernen kann in einem besonderen Bildungsgang ein dem Hauptschulabschluss (nach Klasse 9) gleichwertiger Abschluss erworben werden.<\/span><\/p>\n<p class=\"western\"><span style=\"font-size: medium;\">Zur fortlaufenden <\/span><span style=\"font-size: medium;\"><b>Qualifizierung der Lehrkr\u00e4fte <\/b><\/span><span style=\"font-size: medium;\">sind regelm\u00e4\u00dfiger Austausch und fest installierte Fortbildungsma\u00dfnahmen unumg\u00e4nglich. Dazu geh\u00f6ren die regelm\u00e4\u00dfigen Dienstbesprechungen der sonderp\u00e4dagogischen Lehrkr\u00e4fte und die allj\u00e4hrlich stattfindende schulinterne Lehrerfortbildung der Fachkonferenz Gemeinsames Lernen.<\/span><\/p>\n<p class=\"western\"><span style=\"font-size: medium;\">Die Schule verf\u00fcgt \u00fcber zus\u00e4tzliche Gruppenr\u00e4ume, die f\u00fcr individuelle F\u00f6rderung genutzt werden. An einigen Tagen findet f\u00fcr die Sch\u00fcler in der Mittagspause ein Pausenangebot statt, das von der Erzieherin angeboten wird. Dieses Angebot wird auch von den Sch\u00fclern mit sonderp\u00e4dagogischem Unterst\u00fctzungsbedarf gern als R\u00fcckzugs- und Kommunikationsm\u00f6glichkeit genutzt.<\/span><\/p>\n","protected":false},"excerpt":{"rendered":"<p>Das Gemeinsame Lernen basiert auf der Grundlage, dass eine Vielfalt von Lernvoraussetzungen und Lerninteressen im schulischen Alltag gewollt und normal ist. Damit leben die Sch\u00fcler in einer Atmosph\u00e4re des Pluralismus und lernen Toleranz gegen\u00fcber ihrer Verschiedenheit. Die Jugendlichen mit sonderp\u00e4dagogischem &hellip; <a href=\"https:\/\/www.old-gss-dt.de\/wordpress\/1-gemeinsames-lernen\/\">Continue reading <span class=\"meta-nav\">&rarr;<\/span><\/a><\/p>\n","protected":false},"author":1,"featured_media":0,"parent":0,"menu_order":0,"comment_status":"closed","ping_status":"closed","template":"","meta":[],"_links":{"self":[{"href":"https:\/\/www.old-gss-dt.de\/wordpress\/wp-json\/wp\/v2\/pages\/4214"}],"collection":[{"href":"https:\/\/www.old-gss-dt.de\/wordpress\/wp-json\/wp\/v2\/pages"}],"about":[{"href":"https:\/\/www.old-gss-dt.de\/wordpress\/wp-json\/wp\/v2\/types\/page"}],"author":[{"embeddable":true,"href":"https:\/\/www.old-gss-dt.de\/wordpress\/wp-json\/wp\/v2\/users\/1"}],"replies":[{"embeddable":true,"href":"https:\/\/www.old-gss-dt.de\/wordpress\/wp-json\/wp\/v2\/comments?post=4214"}],"version-history":[{"count":4,"href":"https:\/\/www.old-gss-dt.de\/wordpress\/wp-json\/wp\/v2\/pages\/4214\/revisions"}],"predecessor-version":[{"id":7217,"href":"https:\/\/www.old-gss-dt.de\/wordpress\/wp-json\/wp\/v2\/pages\/4214\/revisions\/7217"}],"wp:attachment":[{"href":"https:\/\/www.old-gss-dt.de\/wordpress\/wp-json\/wp\/v2\/media?parent=4214"}],"curies":[{"name":"wp","href":"https:\/\/api.w.org\/{rel}","templated":true}]}}