{"id":411,"date":"2011-07-04T17:34:19","date_gmt":"2011-07-04T15:34:19","guid":{"rendered":"http:\/\/www.gss-dt.de\/wordpress\/?page_id=411"},"modified":"2011-07-04T17:35:00","modified_gmt":"2011-07-04T15:35:00","slug":"indianerland","status":"publish","type":"page","link":"https:\/\/www.old-gss-dt.de\/wordpress\/indianerland\/","title":{"rendered":"Indianerland"},"content":{"rendered":"<div>\n<h2>Indianerland an der Gesamtschule?<\/h2>\n<div id=\"attachment_412\" style=\"width: 310px\" class=\"wp-caption alignright\"><a href=\"https:\/\/www.old-gss-dt.de\/wordpress\/wp-content\/uploads\/2011\/07\/2010_Projekt_Indianerland.jpg\"><img aria-describedby=\"caption-attachment-412\" decoding=\"async\" loading=\"lazy\" class=\"size-full wp-image-412\" title=\"2010_Projekt_Indianerland\" src=\"https:\/\/www.old-gss-dt.de\/wordpress\/wp-content\/uploads\/2011\/07\/2010_Projekt_Indianerland.jpg\" alt=\"\" width=\"300\" height=\"225\" \/><\/a><p id=\"caption-attachment-412\" class=\"wp-caption-text\">Frau Stein mit zwei flei\u00dfigen Helfern bei der Arbeit<\/p><\/div>\n<p>Sch\u00fcler und Sch\u00fclerinnen in unserer Schule gestalten den gro\u00dfen Innenhof der Schule neu.<\/p>\n<\/div>\n<div>\n<p>Pf\u00e4hle \u2013 bis zu 2 Meter hoch, ca.30 cm dick, bunt bemalt \u2013 bald k\u00f6nnt ihr sie im Innenhof bewundern. Sch\u00fcler und Sch\u00fclerinnen aller Jahrgangsstufen erarbeiteten unter der Leitung von Herrn Bahners in m\u00fchevoller Handarbeit diese Kunstwerke.<\/p>\n<\/div>\n<div>\n<p>Aufgestellt werden sie als interessante Dekoration und Hingucker in unserem neuen \u201eAufenthaltsraum unter freien Himmel\u201c.<\/p>\n<\/div>\n<div>\n<p>Soll hier jetzt Cowboy und Indianer gespielt werden??? Oder sollen Sch\u00fcler an den Marterpfahl gestellt werden??<\/p>\n<\/div>\n<div>\n<p>Dies verneinte Frau Stein sofort: \u201eWir wollen hier keine Menschen martern \u2013 ganz im Gegenteil: Wir wollen, dass sich unsere Sch\u00fcler und Sch\u00fclerinnen in einer sch\u00f6nen Umgebung erholen k\u00f6nnen. Daf\u00fcr bringen wir diesen Hof auf Vordermann.<\/p>\n<\/div>\n<div>\n<p>Wir setzen neue Pflanzen, die sch\u00f6n bl\u00fchen, wir reparieren die Sitz-b\u00e4nke und wir legen sogar einen Barfu\u00dfweg an. Das ist ein Weg f\u00fcr ganz gef\u00fchlvolle Menschen. Mehr verraten wir aber erst, wenn er fertig ist. Kommt doch einfach selber\u00a0vorbei und staunt!\u201c<\/p>\n<\/div>\n<p>Zur\u00fcck zu <a title=\"Projekttage 2010\" href=\"https:\/\/www.old-gss-dt.de\/wordpress\/?page_id=166\">Projekttage 2010<\/a><\/p>\n","protected":false},"excerpt":{"rendered":"<p>Indianerland an der Gesamtschule? Sch\u00fcler und Sch\u00fclerinnen in unserer Schule gestalten den gro\u00dfen Innenhof der Schule neu. Pf\u00e4hle \u2013 bis zu 2 Meter hoch, ca.30 cm dick, bunt bemalt \u2013 bald k\u00f6nnt ihr sie im Innenhof bewundern. Sch\u00fcler und Sch\u00fclerinnen &hellip; <a href=\"https:\/\/www.old-gss-dt.de\/wordpress\/indianerland\/\">Continue reading <span class=\"meta-nav\">&rarr;<\/span><\/a><\/p>\n","protected":false},"author":1,"featured_media":0,"parent":0,"menu_order":0,"comment_status":"closed","ping_status":"closed","template":"","meta":[],"_links":{"self":[{"href":"https:\/\/www.old-gss-dt.de\/wordpress\/wp-json\/wp\/v2\/pages\/411"}],"collection":[{"href":"https:\/\/www.old-gss-dt.de\/wordpress\/wp-json\/wp\/v2\/pages"}],"about":[{"href":"https:\/\/www.old-gss-dt.de\/wordpress\/wp-json\/wp\/v2\/types\/page"}],"author":[{"embeddable":true,"href":"https:\/\/www.old-gss-dt.de\/wordpress\/wp-json\/wp\/v2\/users\/1"}],"replies":[{"embeddable":true,"href":"https:\/\/www.old-gss-dt.de\/wordpress\/wp-json\/wp\/v2\/comments?post=411"}],"version-history":[{"count":2,"href":"https:\/\/www.old-gss-dt.de\/wordpress\/wp-json\/wp\/v2\/pages\/411\/revisions"}],"predecessor-version":[{"id":414,"href":"https:\/\/www.old-gss-dt.de\/wordpress\/wp-json\/wp\/v2\/pages\/411\/revisions\/414"}],"wp:attachment":[{"href":"https:\/\/www.old-gss-dt.de\/wordpress\/wp-json\/wp\/v2\/media?parent=411"}],"curies":[{"name":"wp","href":"https:\/\/api.w.org\/{rel}","templated":true}]}}