{"id":351,"date":"2011-07-03T21:35:19","date_gmt":"2011-07-03T19:35:19","guid":{"rendered":"http:\/\/www.gss-dt.de\/wordpress\/?page_id=351"},"modified":"2011-07-14T17:50:04","modified_gmt":"2011-07-14T15:50:04","slug":"elternschaft","status":"publish","type":"page","link":"https:\/\/www.old-gss-dt.de\/wordpress\/elternschaft\/","title":{"rendered":"Elternschaft"},"content":{"rendered":"<p>Wege zum demokratischen Lernen:<\/p>\n<p>Die Mitarbeit der Eltern<\/p>\n<p>Die Mitwirkung der Eltern ist im besonderen Ma\u00dfe Bestandteil unseres Schulprogramms.<\/p>\n<p>Dazu geh\u00f6ren kontinuierliche und rechtzeitige Informationen zwischen Schule und Elternschaft \u00fcber geplante Projekte und Transparenz in Planung und Durchf\u00fchrung.<\/p>\n<p>Eltern, Sch\u00fcler, Lehrer und Schulleitung tauschen sich \u00fcber ihre Ziele aus, um m\u00f6glichst vertrauensvoll miteinander arbeiten zu k\u00f6nnen.<\/p>\n<p>Elternmitwirkung findet statt in den Klassenpflegschaften, der Schulpflegschaft, in Fach- und Teilkonferenzen. In Arbeitskreisen wie dem Elterntreff gibt es die M\u00f6glichkeit sich an der Gestaltung des Schullebens zu beteiligen, z.B. an der Organisation von Festen und dem \u201eTag der offenen T\u00fcr\u201c.<\/p>\n<p>Zur\u00fcck zum <a title=\"Schulprogramm\" href=\"https:\/\/www.old-gss-dt.de\/wordpress\/?page_id=316\">Schulprogramm<\/a><\/p>\n","protected":false},"excerpt":{"rendered":"<p>Wege zum demokratischen Lernen: Die Mitarbeit der Eltern Die Mitwirkung der Eltern ist im besonderen Ma\u00dfe Bestandteil unseres Schulprogramms. Dazu geh\u00f6ren kontinuierliche und rechtzeitige Informationen zwischen Schule und Elternschaft \u00fcber geplante Projekte und Transparenz in Planung und Durchf\u00fchrung. Eltern, Sch\u00fcler, &hellip; <a href=\"https:\/\/www.old-gss-dt.de\/wordpress\/elternschaft\/\">Continue reading <span class=\"meta-nav\">&rarr;<\/span><\/a><\/p>\n","protected":false},"author":1,"featured_media":0,"parent":0,"menu_order":0,"comment_status":"closed","ping_status":"closed","template":"","meta":[],"_links":{"self":[{"href":"https:\/\/www.old-gss-dt.de\/wordpress\/wp-json\/wp\/v2\/pages\/351"}],"collection":[{"href":"https:\/\/www.old-gss-dt.de\/wordpress\/wp-json\/wp\/v2\/pages"}],"about":[{"href":"https:\/\/www.old-gss-dt.de\/wordpress\/wp-json\/wp\/v2\/types\/page"}],"author":[{"embeddable":true,"href":"https:\/\/www.old-gss-dt.de\/wordpress\/wp-json\/wp\/v2\/users\/1"}],"replies":[{"embeddable":true,"href":"https:\/\/www.old-gss-dt.de\/wordpress\/wp-json\/wp\/v2\/comments?post=351"}],"version-history":[{"count":3,"href":"https:\/\/www.old-gss-dt.de\/wordpress\/wp-json\/wp\/v2\/pages\/351\/revisions"}],"predecessor-version":[{"id":696,"href":"https:\/\/www.old-gss-dt.de\/wordpress\/wp-json\/wp\/v2\/pages\/351\/revisions\/696"}],"wp:attachment":[{"href":"https:\/\/www.old-gss-dt.de\/wordpress\/wp-json\/wp\/v2\/media?parent=351"}],"curies":[{"name":"wp","href":"https:\/\/api.w.org\/{rel}","templated":true}]}}