{"id":215,"date":"2011-07-03T16:48:22","date_gmt":"2011-07-03T14:48:22","guid":{"rendered":"http:\/\/www.gss-dt.de\/wordpress\/?page_id=215"},"modified":"2018-09-10T17:54:00","modified_gmt":"2018-09-10T15:54:00","slug":"kalender","status":"publish","type":"page","link":"https:\/\/www.old-gss-dt.de\/wordpress\/keyboard\/kalender\/","title":{"rendered":"Termine"},"content":{"rendered":"<p>Hier geht es zum \u00f6ffentlichen Schuljahresplaner mit allen wichtigen Terminen f\u00fcr Sch\u00fcler, Eltern und Lehrer: <a href=\"https:\/\/www.old-gss-dt.de\/wordpress\/?page_id=3114\">bitte hier klicken!<\/a><\/p>\n<p>Infos zu den Zentralen Abschlusspr\u00fcfungen \u00a0(ZAP Jahrgang 10) gibt es <a href=\"https:\/\/www.old-gss-dt.de\/wordpress\/?page_id=218\">hier<\/a>.<\/p>\n<p>Infos zum Zentralabitur gibt es <a href=\"https:\/\/www.old-gss-dt.de\/wordpress\/?page_id=221\">hier<\/a>.<\/p>\n","protected":false},"excerpt":{"rendered":"<p>Hier geht es zum \u00f6ffentlichen Schuljahresplaner mit allen wichtigen Terminen f\u00fcr Sch\u00fcler, Eltern und Lehrer: bitte hier klicken! Infos zu den Zentralen Abschlusspr\u00fcfungen \u00a0(ZAP Jahrgang 10) gibt es hier. Infos zum Zentralabitur gibt es hier.<\/p>\n","protected":false},"author":1,"featured_media":0,"parent":136,"menu_order":0,"comment_status":"closed","ping_status":"closed","template":"","meta":[],"_links":{"self":[{"href":"https:\/\/www.old-gss-dt.de\/wordpress\/wp-json\/wp\/v2\/pages\/215"}],"collection":[{"href":"https:\/\/www.old-gss-dt.de\/wordpress\/wp-json\/wp\/v2\/pages"}],"about":[{"href":"https:\/\/www.old-gss-dt.de\/wordpress\/wp-json\/wp\/v2\/types\/page"}],"author":[{"embeddable":true,"href":"https:\/\/www.old-gss-dt.de\/wordpress\/wp-json\/wp\/v2\/users\/1"}],"replies":[{"embeddable":true,"href":"https:\/\/www.old-gss-dt.de\/wordpress\/wp-json\/wp\/v2\/comments?post=215"}],"version-history":[{"count":30,"href":"https:\/\/www.old-gss-dt.de\/wordpress\/wp-json\/wp\/v2\/pages\/215\/revisions"}],"predecessor-version":[{"id":5709,"href":"https:\/\/www.old-gss-dt.de\/wordpress\/wp-json\/wp\/v2\/pages\/215\/revisions\/5709"}],"up":[{"embeddable":true,"href":"https:\/\/www.old-gss-dt.de\/wordpress\/wp-json\/wp\/v2\/pages\/136"}],"wp:attachment":[{"href":"https:\/\/www.old-gss-dt.de\/wordpress\/wp-json\/wp\/v2\/media?parent=215"}],"curies":[{"name":"wp","href":"https:\/\/api.w.org\/{rel}","templated":true}]}}