{"id":190,"date":"2011-07-03T16:39:46","date_gmt":"2011-07-03T14:39:46","guid":{"rendered":"http:\/\/www.gss-dt.de\/wordpress\/?page_id=190"},"modified":"2011-07-03T22:57:20","modified_gmt":"2011-07-03T20:57:20","slug":"schliesfach","status":"publish","type":"page","link":"https:\/\/www.old-gss-dt.de\/wordpress\/schliesfach\/","title":{"rendered":"Schlie\u00dffach"},"content":{"rendered":"<p>Die AstraDirekt Leasing &amp; Service GmbH ist der Schlie\u00dffachdienstleister f\u00fcr unsere Schule.<\/p>\n<p>AstraDirekt installiert und verwaltet bundesweit Schlie\u00dffachanlagen f\u00fcr Sch\u00fcler.<\/p>\n<div id=\"attachment_24\" style=\"width: 163px\" class=\"wp-caption alignleft\"><img aria-describedby=\"caption-attachment-24\" decoding=\"async\" loading=\"lazy\" class=\"size-full wp-image-24\" title=\"schliessfach\" src=\"https:\/\/www.old-gss-dt.de\/wordpress\/wp-content\/uploads\/2011\/07\/schliessfach.gif\" alt=\"\" width=\"153\" height=\"222\" \/><p id=\"caption-attachment-24\" class=\"wp-caption-text\">Schlie\u00dffach<\/p><\/div>\n<p>Der Service richtet sich an alle Sch\u00fcler, die Lernmaterialien, schwere B\u00fccher oder Atlanten nicht jeden Tag im Schulranzen herumtragen m\u00f6chten. Dazu sind Schlie\u00dff\u00e4cher meist die einzige M\u00f6glichkeit, um Wertsachen, Jacken oder Sturzhelme etc. w\u00e4hrend des Unterrichts und in den Pausen sicher aufzubewahren.<\/p>\n<p>Informationen \u00fcber die Anmietung, Kosten, Verwaltung und Service eines Schlie\u00dffaches erh\u00e4lt man am einfachsten \u00fcber die Internetseiten des Anbieters:<\/p>\n<p><a href=\"http:\/\/www.astradirekt.de\" target=\"_blank\">www.astradirekt.de<\/a><\/p>\n<p>&nbsp;<\/p>\n<p>Zur\u00fcck zu\u00a0<a title=\"Eltern\" href=\"https:\/\/www.old-gss-dt.de\/wordpress\/?page_id=176\">Eltern<\/a><\/p>\n","protected":false},"excerpt":{"rendered":"<p>Die AstraDirekt Leasing &amp; Service GmbH ist der Schlie\u00dffachdienstleister f\u00fcr unsere Schule. AstraDirekt installiert und verwaltet bundesweit Schlie\u00dffachanlagen f\u00fcr Sch\u00fcler. Der Service richtet sich an alle Sch\u00fcler, die Lernmaterialien, schwere B\u00fccher oder Atlanten nicht jeden Tag im Schulranzen herumtragen m\u00f6chten. &hellip; <a href=\"https:\/\/www.old-gss-dt.de\/wordpress\/schliesfach\/\">Continue reading <span class=\"meta-nav\">&rarr;<\/span><\/a><\/p>\n","protected":false},"author":1,"featured_media":0,"parent":0,"menu_order":0,"comment_status":"closed","ping_status":"closed","template":"","meta":[],"_links":{"self":[{"href":"https:\/\/www.old-gss-dt.de\/wordpress\/wp-json\/wp\/v2\/pages\/190"}],"collection":[{"href":"https:\/\/www.old-gss-dt.de\/wordpress\/wp-json\/wp\/v2\/pages"}],"about":[{"href":"https:\/\/www.old-gss-dt.de\/wordpress\/wp-json\/wp\/v2\/types\/page"}],"author":[{"embeddable":true,"href":"https:\/\/www.old-gss-dt.de\/wordpress\/wp-json\/wp\/v2\/users\/1"}],"replies":[{"embeddable":true,"href":"https:\/\/www.old-gss-dt.de\/wordpress\/wp-json\/wp\/v2\/comments?post=190"}],"version-history":[{"count":4,"href":"https:\/\/www.old-gss-dt.de\/wordpress\/wp-json\/wp\/v2\/pages\/190\/revisions"}],"predecessor-version":[{"id":380,"href":"https:\/\/www.old-gss-dt.de\/wordpress\/wp-json\/wp\/v2\/pages\/190\/revisions\/380"}],"wp:attachment":[{"href":"https:\/\/www.old-gss-dt.de\/wordpress\/wp-json\/wp\/v2\/media?parent=190"}],"curies":[{"name":"wp","href":"https:\/\/api.w.org\/{rel}","templated":true}]}}