{"id":157,"date":"2011-07-03T16:12:04","date_gmt":"2011-07-03T14:12:04","guid":{"rendered":"http:\/\/www.gss-dt.de\/wordpress\/?page_id=157"},"modified":"2016-12-20T20:29:32","modified_gmt":"2016-12-20T19:29:32","slug":"bo-in-der-sek-ii","status":"publish","type":"page","link":"https:\/\/www.old-gss-dt.de\/wordpress\/bo-in-der-sek-ii\/","title":{"rendered":"BQ Sek II"},"content":{"rendered":"<div>\n<h1>Studien- und Berufsorientierung<\/h1>\n<\/div>\n<div>\n<p>Studien- und Berufsorientierung Sekundarstufe II<\/p>\n<p>Seit 1998 f\u00fchrt die Geschwister-Scholl-Schule Detmold eine deutlich intensivierte Studien- und Berufsvorbereitung durch, in dessen Zentrum regelm\u00e4\u00dfige pers\u00f6nliche Standortgespr\u00e4che mit allen Sch\u00fclern stehen.<\/p>\n<p>Eingebettet sind diese Gespr\u00e4che in eine Reihe studien- und berufsorientierender Ma\u00dfnahmen, welche an einer starken Individualisierung der Entscheidungsfindung bei den Sch\u00fclerinnen und Sch\u00fclern orientiert sind.<\/p>\n<p>Dieses Konzept tr\u00e4gt der besonderen Situation der Gesamtschule und ihrer Sch\u00fclerschaft Rechnung.<\/p>\n<p>Die Sch\u00fclerinnen und Sch\u00fcler verlassen die Schule zu verschiedenen Zeitpunkten (Fachabitur nach Jg.12 oder Abitur nach Jg.13).<\/p>\n<p>Die Sch\u00fclerinnen und Sch\u00fcler sind nicht vorwiegend auf ein Studium fixiert, sondern erw\u00e4gen nach dem Abitur oftmals eine Ausbildung.<\/p>\n<p>Links zu genaueren Informationen:<\/p>\n<\/div>\n<div>\n<ul>\n<li><a title=\"Ziele\/Merkmale\" href=\"https:\/\/www.old-gss-dt.de\/wordpress\/?page_id=273\" target=\"_blank\">Ziele und Merkmale der Berufsorientierung<\/a><\/li>\n<li><a title=\"Allgemeines\" href=\"https:\/\/www.old-gss-dt.de\/wordpress\/?page_id=275\" target=\"_blank\">Allgemeines<\/a><\/li>\n<li><a href=\"https:\/\/www.old-gss-dt.de\/wordpress\/?page_id=4517\" target=\"_blank\">Einf\u00fchrungsphase (Jahrgang 11)<\/a><\/li>\n<li><a title=\"Qualifikationsphase 1 (Jahrgang 12)\" href=\"https:\/\/www.old-gss-dt.de\/wordpress\/?page_id=277\" target=\"_blank\">Qualifikationsphase 1 (Jahrgang 12)<\/a><\/li>\n<li><a href=\"https:\/\/www.old-gss-dt.de\/wordpress\/?page_id=279\" target=\"_blank\">Qualifikationsphase 2 (Jahrgang 13)<\/a><\/li>\n<li><a href=\"https:\/\/www.old-gss-dt.de\/wordpress\/?page_id=281\" target=\"_blank\">Ansprechpartner<\/a><\/li>\n<\/ul>\n<\/div>\n<p>&nbsp;<\/p>\n<p>Zur\u00fcck zu\u00a0<a title=\"Sch\u00fcler\" href=\"https:\/\/www.old-gss-dt.de\/wordpress\/?page_id=107\">Sch\u00fcler<\/a><\/p>\n","protected":false},"excerpt":{"rendered":"<p>Studien- und Berufsorientierung Studien- und Berufsorientierung Sekundarstufe II Seit 1998 f\u00fchrt die Geschwister-Scholl-Schule Detmold eine deutlich intensivierte Studien- und Berufsvorbereitung durch, in dessen Zentrum regelm\u00e4\u00dfige pers\u00f6nliche Standortgespr\u00e4che mit allen Sch\u00fclern stehen. Eingebettet sind diese Gespr\u00e4che in eine Reihe studien- und &hellip; <a href=\"https:\/\/www.old-gss-dt.de\/wordpress\/bo-in-der-sek-ii\/\">Continue reading <span class=\"meta-nav\">&rarr;<\/span><\/a><\/p>\n","protected":false},"author":1,"featured_media":0,"parent":0,"menu_order":0,"comment_status":"closed","ping_status":"closed","template":"","meta":[],"_links":{"self":[{"href":"https:\/\/www.old-gss-dt.de\/wordpress\/wp-json\/wp\/v2\/pages\/157"}],"collection":[{"href":"https:\/\/www.old-gss-dt.de\/wordpress\/wp-json\/wp\/v2\/pages"}],"about":[{"href":"https:\/\/www.old-gss-dt.de\/wordpress\/wp-json\/wp\/v2\/types\/page"}],"author":[{"embeddable":true,"href":"https:\/\/www.old-gss-dt.de\/wordpress\/wp-json\/wp\/v2\/users\/1"}],"replies":[{"embeddable":true,"href":"https:\/\/www.old-gss-dt.de\/wordpress\/wp-json\/wp\/v2\/comments?post=157"}],"version-history":[{"count":12,"href":"https:\/\/www.old-gss-dt.de\/wordpress\/wp-json\/wp\/v2\/pages\/157\/revisions"}],"predecessor-version":[{"id":4521,"href":"https:\/\/www.old-gss-dt.de\/wordpress\/wp-json\/wp\/v2\/pages\/157\/revisions\/4521"}],"wp:attachment":[{"href":"https:\/\/www.old-gss-dt.de\/wordpress\/wp-json\/wp\/v2\/media?parent=157"}],"curies":[{"name":"wp","href":"https:\/\/api.w.org\/{rel}","templated":true}]}}