{"id":122,"date":"2011-07-03T15:48:42","date_gmt":"2011-07-03T13:48:42","guid":{"rendered":"http:\/\/www.gss-dt.de\/wordpress\/?page_id=122"},"modified":"2020-08-28T20:23:31","modified_gmt":"2020-08-28T18:23:31","slug":"ags","status":"publish","type":"page","link":"https:\/\/www.old-gss-dt.de\/wordpress\/schuler\/ags\/","title":{"rendered":"AGs"},"content":{"rendered":"<p>Angebote f\u00fcr das Schuljahr 2020\/21. Bitte auf die Liste klicken f\u00fcr eine gr\u00f6\u00dfere Darstellung!<\/p>\n<p><a href=\"https:\/\/www.old-gss-dt.de\/wordpress\/wp-content\/uploads\/2011\/07\/AG-Liste-Aushang-20-21-A4.pdf\" target=\"_blank\"><img decoding=\"async\" loading=\"lazy\" class=\"alignnone size-full wp-image-6563\" src=\"https:\/\/www.old-gss-dt.de\/wordpress\/wp-content\/uploads\/2011\/07\/Bildschirmfoto-2020-08-28-um-20.21.43.png\" alt=\"Bildschirmfoto 2020-08-28 um 20.21.43\" width=\"1750\" height=\"2540\" srcset=\"https:\/\/www.old-gss-dt.de\/wordpress\/wp-content\/uploads\/2011\/07\/Bildschirmfoto-2020-08-28-um-20.21.43.png 1750w, https:\/\/www.old-gss-dt.de\/wordpress\/wp-content\/uploads\/2011\/07\/Bildschirmfoto-2020-08-28-um-20.21.43-207x300.png 207w, https:\/\/www.old-gss-dt.de\/wordpress\/wp-content\/uploads\/2011\/07\/Bildschirmfoto-2020-08-28-um-20.21.43-344x500.png 344w\" sizes=\"(max-width: 1750px) 100vw, 1750px\" \/><\/a><\/p>\n<p><a href=\"https:\/\/www.old-gss-dt.de\/wordpress\/wp-content\/uploads\/2011\/07\/AG-Liste-Aushang-20-21-A4.pdf\">AG Liste Aushang 20-21 A4<\/a><\/p>\n<p>&nbsp;<\/p>\n<p>&nbsp;<\/p>\n","protected":false},"excerpt":{"rendered":"<p>Angebote f\u00fcr das Schuljahr 2020\/21. Bitte auf die Liste klicken f\u00fcr eine gr\u00f6\u00dfere Darstellung! AG Liste Aushang 20-21 A4 &nbsp; &nbsp;<\/p>\n","protected":false},"author":1,"featured_media":0,"parent":107,"menu_order":0,"comment_status":"closed","ping_status":"closed","template":"","meta":[],"_links":{"self":[{"href":"https:\/\/www.old-gss-dt.de\/wordpress\/wp-json\/wp\/v2\/pages\/122"}],"collection":[{"href":"https:\/\/www.old-gss-dt.de\/wordpress\/wp-json\/wp\/v2\/pages"}],"about":[{"href":"https:\/\/www.old-gss-dt.de\/wordpress\/wp-json\/wp\/v2\/types\/page"}],"author":[{"embeddable":true,"href":"https:\/\/www.old-gss-dt.de\/wordpress\/wp-json\/wp\/v2\/users\/1"}],"replies":[{"embeddable":true,"href":"https:\/\/www.old-gss-dt.de\/wordpress\/wp-json\/wp\/v2\/comments?post=122"}],"version-history":[{"count":29,"href":"https:\/\/www.old-gss-dt.de\/wordpress\/wp-json\/wp\/v2\/pages\/122\/revisions"}],"predecessor-version":[{"id":6567,"href":"https:\/\/www.old-gss-dt.de\/wordpress\/wp-json\/wp\/v2\/pages\/122\/revisions\/6567"}],"up":[{"embeddable":true,"href":"https:\/\/www.old-gss-dt.de\/wordpress\/wp-json\/wp\/v2\/pages\/107"}],"wp:attachment":[{"href":"https:\/\/www.old-gss-dt.de\/wordpress\/wp-json\/wp\/v2\/media?parent=122"}],"curies":[{"name":"wp","href":"https:\/\/api.w.org\/{rel}","templated":true}]}}