{"id":113,"date":"2011-07-03T15:40:54","date_gmt":"2011-07-03T13:40:54","guid":{"rendered":"http:\/\/www.gss-dt.de\/wordpress\/?page_id=113"},"modified":"2011-07-19T02:48:51","modified_gmt":"2011-07-19T00:48:51","slug":"benutzerordnung","status":"publish","type":"page","link":"https:\/\/www.old-gss-dt.de\/wordpress\/benutzerordnung\/","title":{"rendered":"Benutzerordnung"},"content":{"rendered":"<table width=\"80%\" border=\"0\">\n<tbody>\n<tr>\n<td width=\"101%\" height=\"18\"><strong>Anmeldung<\/strong><\/td>\n<\/tr>\n<tr>\n<td width=\"101%\" height=\"18\">Jeder kann unter Vorlage eines g\u00fcltigen Sch\u00fclerausweises und Anerkennung der Benutzerordnung ausleihen.<\/td>\n<\/tr>\n<tr>\n<td width=\"101%\" height=\"18\"><\/td>\n<\/tr>\n<tr>\n<td width=\"101%\" height=\"18\"><strong>Entleihen \u2013 Verl\u00e4ngern- Vormerken<\/strong><\/td>\n<\/tr>\n<tr>\n<td width=\"101%\" height=\"18\">Gegen Vorlage des Sch\u00fclerausweises werden B\u00fccher bis zu 4 Wochen unentgeltlich ausgeliehen. Entliehene B\u00fccher d\u00fcrfen nicht an Dritte weitergegeben werden. Die Leihfrist kann vor Ablauf in der Schulb\u00fccherei unter Vorlage des Sch\u00fclerausweises und des ausgeliehenen Buches 4 Wochen verl\u00e4ngert werden. Ausgeliehene B\u00fccher k\u00f6nnen vorbestellt werden.<\/td>\n<\/tr>\n<tr>\n<td width=\"101%\" height=\"18\"><\/td>\n<\/tr>\n<tr>\n<td width=\"101%\" height=\"18\"><strong>Behandlung der Medien, Haftung<\/strong><\/td>\n<\/tr>\n<tr>\n<td width=\"101%\" height=\"18\">Die Sch\u00fcler sind verpflichtet die ausgeliehenen B\u00fccher sorgf\u00e4ltig zu behandeln und sie vor Besch\u00e4digungen zu bewahren. Als Besch\u00e4digungen gelten auch Unterstreichungen und Markierungen u. \u00e4. Der Verlust entliehener B\u00fccher ist der Schulb\u00fccherei unverz\u00fcglich anzuzeigen. F\u00fcr jede Besch\u00e4digung oder Verlust von B\u00fcchern sind die Sch\u00fcler bzw. die gesetzlichen Vertreter zum Ersatz des Neuwertes verpflichtet. Es ist untersagt Besch\u00e4digungen selbst zu beheben.<\/td>\n<\/tr>\n<tr>\n<td width=\"101%\" height=\"18\"><\/td>\n<\/tr>\n<tr>\n<td width=\"101%\" height=\"18\"><strong>Leihfrist\u00fcberschreitung<\/strong><\/td>\n<\/tr>\n<tr>\n<td width=\"101%\" height=\"18\">Ist die Leihfrist um mehr als eine Woche \u00fcberschritten oder eine Leihfristverl\u00e4ngerung nicht rechtzeitig beantragt worden, sind S\u00e4umnis- und Bearbeitungsgeb\u00fchren nach dem\u00a0<a title=\"Geb\u00fchren\" href=\"https:\/\/www.old-gss-dt.de\/wordpress\/?page_id=116\">Geb\u00fchrentarif<\/a> zu entrichten. Die Geb\u00fchren entstehen unabh\u00e4ngig davon, ob eine schriftliche Mahnung erfolgte. Solange der Sch\u00fcler\/die Sch\u00fclerin der R\u00fcckgabe von Medien, der Ersatzleistung oder Zahlung von Geb\u00fchren nicht nachkommt, ist eine weitere Benutzung der Schulb\u00fccherei nicht m\u00f6glich.<\/td>\n<\/tr>\n<tr>\n<td width=\"101%\" height=\"18\"><\/td>\n<\/tr>\n<tr>\n<td width=\"101%\" height=\"18\"><strong>PC-Nutzung<a name=\"PC-Nutzung\"><\/a><\/strong><\/td>\n<\/tr>\n<tr>\n<td width=\"101%\" height=\"18\">Sch\u00fcler und Sch\u00fclerinnen ist es bei Anfrage erlaubt, Texte oder Bilder f\u00fcr den schulischen- und privaten Gebrauch zu drucken oder auf andere Medien zu kopieren. F\u00fcr diesen Dienst werden Geb\u00fchren erhoben. Es ist untersagt mitgebrachte Software in der B\u00fccherei zu verwenden.<\/td>\n<\/tr>\n<tr>\n<td width=\"101%\" height=\"18\"><\/td>\n<\/tr>\n<tr>\n<td width=\"101%\" height=\"18\"><strong>Internet<a name=\"Internet\"><\/a><\/strong><\/td>\n<\/tr>\n<tr>\n<td width=\"101%\" height=\"18\">Ein weltweiter Zugang zu Informationen verlangt von Teilnehmerinnen und Teilnehmern ein hohes Verantwortungsbewusstsein. Allen Sch\u00fclern ist es nur unter Aufsicht erlaubt im Internet zu surfen. Die Online-Dienste im Internet basieren auf dem partnerschaftlichen Umgang miteinander. Es ist untersagt, Texte oder Bilder zu versenden die illegal oder beleidigend sind.<\/td>\n<\/tr>\n<tr>\n<td width=\"101%\" height=\"18\"><\/td>\n<\/tr>\n<tr>\n<td width=\"101%\" height=\"18\"><strong>B\u00fcchereiordnung<\/strong><\/td>\n<\/tr>\n<tr>\n<td width=\"101%\" height=\"18\">Taschen, M\u00e4ntel, Mappen und dergleichen sind beim Betreten der B\u00fccherei an den daf\u00fcr vorgesehenen Pl\u00e4tzen abzulegen. Essen, Trinken, L\u00e4rmen sowie anderes st\u00f6rendes Verhalten sind nicht gestattet. Den B\u00fcchereimitarbeitern steht das Hausrecht zu; ihren Anordnungen ist Folge zu leisten. Sch\u00fcler, die wiederholt oder in grober Weise gegen die Benutzungsordnung versto\u00dfen, k\u00f6nnen von der Benutzung der Schulb\u00fccherei ausgeschlossen werden.<\/td>\n<\/tr>\n<\/tbody>\n<\/table>\n<p>Zur\u00fcck zu <a title=\"B\u00fccherei\" href=\"https:\/\/www.old-gss-dt.de\/wordpress\/?page_id=110\">B\u00fccherei<\/a><\/p>\n","protected":false},"excerpt":{"rendered":"<p>Anmeldung Jeder kann unter Vorlage eines g\u00fcltigen Sch\u00fclerausweises und Anerkennung der Benutzerordnung ausleihen. Entleihen \u2013 Verl\u00e4ngern- Vormerken Gegen Vorlage des Sch\u00fclerausweises werden B\u00fccher bis zu 4 Wochen unentgeltlich ausgeliehen. Entliehene B\u00fccher d\u00fcrfen nicht an Dritte weitergegeben werden. Die Leihfrist kann &hellip; <a href=\"https:\/\/www.old-gss-dt.de\/wordpress\/benutzerordnung\/\">Continue reading <span class=\"meta-nav\">&rarr;<\/span><\/a><\/p>\n","protected":false},"author":1,"featured_media":0,"parent":0,"menu_order":0,"comment_status":"closed","ping_status":"closed","template":"","meta":[],"_links":{"self":[{"href":"https:\/\/www.old-gss-dt.de\/wordpress\/wp-json\/wp\/v2\/pages\/113"}],"collection":[{"href":"https:\/\/www.old-gss-dt.de\/wordpress\/wp-json\/wp\/v2\/pages"}],"about":[{"href":"https:\/\/www.old-gss-dt.de\/wordpress\/wp-json\/wp\/v2\/types\/page"}],"author":[{"embeddable":true,"href":"https:\/\/www.old-gss-dt.de\/wordpress\/wp-json\/wp\/v2\/users\/1"}],"replies":[{"embeddable":true,"href":"https:\/\/www.old-gss-dt.de\/wordpress\/wp-json\/wp\/v2\/comments?post=113"}],"version-history":[{"count":4,"href":"https:\/\/www.old-gss-dt.de\/wordpress\/wp-json\/wp\/v2\/pages\/113\/revisions"}],"predecessor-version":[{"id":893,"href":"https:\/\/www.old-gss-dt.de\/wordpress\/wp-json\/wp\/v2\/pages\/113\/revisions\/893"}],"wp:attachment":[{"href":"https:\/\/www.old-gss-dt.de\/wordpress\/wp-json\/wp\/v2\/media?parent=113"}],"curies":[{"name":"wp","href":"https:\/\/api.w.org\/{rel}","templated":true}]}}